{"version":"1.0","provider_name":"Mariazell in the Vienna Woods","provider_url":"https:\/\/www.mariazell-wienerwald.at\/en","author_name":"Thomas Aigner","author_url":"https:\/\/www.mariazell-wienerwald.at\/en\/author\/thomas-aigner\/","title":"Festival CELLENSIS: Konzert \"Stimmenklang\" - Mariazell im Wienerwald","type":"rich","width":600,"height":338,"html":"<blockquote class=\"wp-embedded-content\" data-secret=\"MbtqyXc113\"><a href=\"https:\/\/www.mariazell-wienerwald.at\/en\/veranstaltungen\/festival-cellensis-konzert-stimmenklang\/\">Festival CELLENSIS:  Konzert &#8222;Stimmenklang&#8220;<\/a><\/blockquote><iframe sandbox=\"allow-scripts\" security=\"restricted\" src=\"https:\/\/www.mariazell-wienerwald.at\/en\/veranstaltungen\/festival-cellensis-konzert-stimmenklang\/embed\/#?secret=MbtqyXc113\" width=\"600\" height=\"338\" title=\"&#8220;Festival CELLENSIS:  Konzert &#8222;Stimmenklang&#8220;&#8221; &#8212; Mariazell im Wienerwald\" data-secret=\"MbtqyXc113\" frameborder=\"0\" marginwidth=\"0\" marginheight=\"0\" scrolling=\"no\" class=\"wp-embedded-content\"><\/iframe><script type=\"text\/javascript\">\n\/* <![CDATA[ *\/\n\/*! This file is auto-generated *\/\n!function(d,l){\"use strict\";l.querySelector&&d.addEventListener&&\"undefined\"!=typeof URL&&(d.wp=d.wp||{},d.wp.receiveEmbedMessage||(d.wp.receiveEmbedMessage=function(e){var t=e.data;if((t||t.secret||t.message||t.value)&&!\/[^a-zA-Z0-9]\/.test(t.secret)){for(var s,r,n,a=l.querySelectorAll('iframe[data-secret=\"'+t.secret+'\"]'),o=l.querySelectorAll('blockquote[data-secret=\"'+t.secret+'\"]'),c=new RegExp(\"^https?:$\",\"i\"),i=0;i<o.length;i++)o[i].style.display=\"none\";for(i=0;i<a.length;i++)s=a[i],e.source===s.contentWindow&&(s.removeAttribute(\"style\"),\"height\"===t.message?(1e3<(r=parseInt(t.value,10))?r=1e3:~~r<200&&(r=200),s.height=r):\"link\"===t.message&&(r=new URL(s.getAttribute(\"src\")),n=new URL(t.value),c.test(n.protocol))&&n.host===r.host&&l.activeElement===s&&(d.top.location.href=t.value))}},d.addEventListener(\"message\",d.wp.receiveEmbedMessage,!1),l.addEventListener(\"DOMContentLoaded\",function(){for(var e,t,s=l.querySelectorAll(\"iframe.wp-embedded-content\"),r=0;r<s.length;r++)(t=(e=s[r]).getAttribute(\"data-secret\"))||(t=Math.random().toString(36).substring(2,12),e.src+=\"#?secret=\"+t,e.setAttribute(\"data-secret\",t)),e.contentWindow.postMessage({message:\"ready\",secret:t},\"*\")},!1)))}(window,document);\n\/* ]]> *\/\n<\/script>","thumbnail_url":"https:\/\/www.mariazell-wienerwald.at\/wp-content\/uploads\/2020\/09\/KMZ_Hauptportal-scaled.jpg","thumbnail_width":2560,"thumbnail_height":1707,"description":"Cornelia Hu\u0308bsch-Sopran, Nina Maria Edelmann-Mezzosopran Streichquintett \u201eCordes\u201c Robert Koizar-Orgel Die wunderbare und idyllisch gelegene Pfarr- und Wallfahrtskirche St. Corona am Sch\u00f6pfl feiert heuer sein 300-Jahr-Jubil\u00e4um und bekommt mit diesem wunderbaren vielf\u00e4ltigen Konzert ein k\u00fcnstlerisches Geburtstagsgeschenk. Neben dem ber\u00fchmten \u201eStabat Mater\u201c von Giovanni Battista Pergolesi sind Besonderheiten zwischen Orgel, Trompete und Gesang zu h\u00f6ren. Weitere Infos [&hellip;]"}

Cornelia Hübsch-Sopran, Nina Maria Edelmann-Mezzosopran Streichquintett „Cordes“ Robert Koizar-Orgel Die wunderbare und idyllisch gelegene Pfarr- und Wallfahrtskirche St. Corona am Schöpfl feiert heuer sein 300-Jahr-Jubiläum und bekommt mit diesem wunderbaren vielfältigen Konzert ein künstlerisches Geburtstagsgeschenk. Neben dem berühmten „Stabat Mater“ von Giovanni Battista Pergolesi sind Besonderheiten zwischen Orgel, Trompete und Gesang zu hören. Weitere Infos [&hellip;]
