{"id":2966,"date":"2020-06-17T15:17:38","date_gmt":"2020-06-17T13:17:38","guid":{"rendered":"https:\/\/www.mariazell-wienerwald.at\/?post_type=ajde_events&#038;p=2966"},"modified":"2020-07-24T15:32:28","modified_gmt":"2020-07-24T13:32:28","slug":"2-fuehrung-hafnerberg-ignaz-mildorfers-grandioses-deckenfresko-in-der-wallfahrtskirche","status":"publish","type":"ajde_events","link":"https:\/\/www.mariazell-wienerwald.at\/en\/veranstaltungen\/2-fuehrung-hafnerberg-ignaz-mildorfers-grandioses-deckenfresko-in-der-wallfahrtskirche\/","title":{"rendered":"2. F\u00fchrung Hafnerberg: Ignaz Mildorfers grandioses Deckenfresko in der Wallfahrtskirche"},"content":{"rendered":"<p><img fetchpriority=\"high\" decoding=\"async\" class=\"wp-image-1626 alignleft\" src=\"https:\/\/www.mariazell-wienerwald.at\/wp-content\/uploads\/2020\/03\/Hafnerberg-01_920x612-300x200.jpg\" alt=\"\" width=\"350\" height=\"233\" srcset=\"https:\/\/www.mariazell-wienerwald.at\/wp-content\/uploads\/2020\/03\/Hafnerberg-01_920x612-300x200.jpg 300w, https:\/\/www.mariazell-wienerwald.at\/wp-content\/uploads\/2020\/03\/Hafnerberg-01_920x612-600x399.jpg 600w, https:\/\/www.mariazell-wienerwald.at\/wp-content\/uploads\/2020\/03\/Hafnerberg-01_920x612-768x511.jpg 768w, https:\/\/www.mariazell-wienerwald.at\/wp-content\/uploads\/2020\/03\/Hafnerberg-01_920x612.jpg 920w\" sizes=\"(max-width: 350px) 100vw, 350px\" \/><\/p>\n<p>Nach einer ersten Ausbildung in der Malerei durch seinen Vater Michael Ignaz Mildorfer (1690\u20131747) war Josef Ignaz Mildorfer neben Franz Anton Maulbertsch und Johann Wenzel Bergl einer der herausragendsten Sch\u00fcler von Paul Troger. Er befasste sich zun\u00e4chst \u00fcberwiegend mit \u00d6lmalerei und wurde bereits im Alter von 23 Jahren von der Wiener Akademie der Bildenden K\u00fcnste f\u00fcr das Bild Kain, seinen Bruder Abel erschlagend mit einem ersten Preis ausgezeichnet. Dies f\u00fchrte zu seiner Anerkennung als K\u00fcnstler, und nur ein Jahr sp\u00e4ter (1743) schuf er mit dem Kuppelfresko der Wallfahrtskirche Hafnerberg eines seiner bedeutendsten Werke.<\/p>\n<p>Die F\u00fchrung gibt einen genaueren Einblick in dieses Fresko und wie dieses im Zusammenhang mit der Wallfahrt steht. Selbstverst\u00e4ndlich gibt es auch einen geschichtlichen Abriss \u00fcber die Entstehung der Wallfahrtskirche und weiter Informationen \u00fcber die Ausstattung der Kirche.<\/p>\n<p>Die F\u00fchrung wird von Mag. Martin Fuchs gehalten.<\/p>\n<p>Weitere Informationen und Fragen an: m.fuchs@mariazell-wienerwald.at<\/p>\n<p>&nbsp;<\/p>\n<p>&nbsp;<\/p>","protected":false},"author":5,"featured_media":0,"menu_order":0,"comment_status":"open","ping_status":"closed","template":"","meta":{"_acf_changed":false},"tags":[],"event_type":[20],"event_type_2":[],"class_list":["post-2966","ajde_events","type-ajde_events","status-publish","hentry","event_location-wallfahrtskirche-hafnerberg","event_organizer-mariazell-im-wienerwald","event_type-kirchenfuehrung"],"acf":[],"yoast_head":"<!-- This site is optimized with the Yoast SEO plugin v23.1 - https:\/\/yoast.com\/wordpress\/plugins\/seo\/ -->\n<title>2. F\u00fchrung Hafnerberg: Ignaz Mildorfers grandioses Deckenfresko in der Wallfahrtskirche - Mariazell im Wienerwald<\/title>\n<meta name=\"robots\" content=\"index, follow, max-snippet:-1, max-image-preview:large, max-video-preview:-1\" \/>\n<link rel=\"canonical\" href=\"https:\/\/www.mariazell-wienerwald.at\/en\/veranstaltungen\/2-fuehrung-hafnerberg-ignaz-mildorfers-grandioses-deckenfresko-in-der-wallfahrtskirche\/\" \/>\n<meta property=\"og:locale\" content=\"en_US\" \/>\n<meta property=\"og:type\" content=\"article\" \/>\n<meta property=\"og:title\" content=\"2. F\u00fchrung Hafnerberg: Ignaz Mildorfers grandioses Deckenfresko in der Wallfahrtskirche - Mariazell im Wienerwald\" \/>\n<meta property=\"og:description\" content=\"Nach einer ersten Ausbildung in der Malerei durch seinen Vater Michael Ignaz Mildorfer (1690\u20131747) war Josef Ignaz Mildorfer neben Franz Anton Maulbertsch und Johann Wenzel Bergl einer der herausragendsten Sch\u00fcler von Paul Troger. Er befasste sich zun\u00e4chst \u00fcberwiegend mit \u00d6lmalerei und wurde bereits im Alter von 23 Jahren von der Wiener Akademie der Bildenden K\u00fcnste [&hellip;]\" \/>\n<meta property=\"og:url\" content=\"https:\/\/www.mariazell-wienerwald.at\/en\/veranstaltungen\/2-fuehrung-hafnerberg-ignaz-mildorfers-grandioses-deckenfresko-in-der-wallfahrtskirche\/\" \/>\n<meta property=\"og:site_name\" content=\"Mariazell im Wienerwald\" \/>\n<meta property=\"article:modified_time\" content=\"2020-07-24T13:32:28+00:00\" \/>\n<meta property=\"og:image\" content=\"https:\/\/www.mariazell-wienerwald.at\/wp-content\/uploads\/2020\/03\/Hafnerberg-01_920x612-300x200.jpg\" \/>\n<meta name=\"twitter:card\" content=\"summary_large_image\" \/>\n<meta name=\"twitter:label1\" content=\"Est. reading time\" \/>\n\t<meta name=\"twitter:data1\" content=\"1 minute\" \/>\n<script type=\"application\/ld+json\" class=\"yoast-schema-graph\">{\"@context\":\"https:\/\/schema.org\",\"@graph\":[{\"@type\":\"WebPage\",\"@id\":\"https:\/\/www.mariazell-wienerwald.at\/veranstaltungen\/2-fuehrung-hafnerberg-ignaz-mildorfers-grandioses-deckenfresko-in-der-wallfahrtskirche\/\",\"url\":\"https:\/\/www.mariazell-wienerwald.at\/veranstaltungen\/2-fuehrung-hafnerberg-ignaz-mildorfers-grandioses-deckenfresko-in-der-wallfahrtskirche\/\",\"name\":\"2. F\u00fchrung Hafnerberg: Ignaz Mildorfers grandioses Deckenfresko in der Wallfahrtskirche - Mariazell im Wienerwald\",\"isPartOf\":{\"@id\":\"https:\/\/www.mariazell-wienerwald.at\/#website\"},\"primaryImageOfPage\":{\"@id\":\"https:\/\/www.mariazell-wienerwald.at\/veranstaltungen\/2-fuehrung-hafnerberg-ignaz-mildorfers-grandioses-deckenfresko-in-der-wallfahrtskirche\/#primaryimage\"},\"image\":{\"@id\":\"https:\/\/www.mariazell-wienerwald.at\/veranstaltungen\/2-fuehrung-hafnerberg-ignaz-mildorfers-grandioses-deckenfresko-in-der-wallfahrtskirche\/#primaryimage\"},\"thumbnailUrl\":\"https:\/\/www.mariazell-wienerwald.at\/wp-content\/uploads\/2020\/03\/Hafnerberg-01_920x612-300x200.jpg\",\"datePublished\":\"2020-06-17T13:17:38+00:00\",\"dateModified\":\"2020-07-24T13:32:28+00:00\",\"breadcrumb\":{\"@id\":\"https:\/\/www.mariazell-wienerwald.at\/veranstaltungen\/2-fuehrung-hafnerberg-ignaz-mildorfers-grandioses-deckenfresko-in-der-wallfahrtskirche\/#breadcrumb\"},\"inLanguage\":\"en-US\",\"potentialAction\":[{\"@type\":\"ReadAction\",\"target\":[\"https:\/\/www.mariazell-wienerwald.at\/veranstaltungen\/2-fuehrung-hafnerberg-ignaz-mildorfers-grandioses-deckenfresko-in-der-wallfahrtskirche\/\"]}]},{\"@type\":\"ImageObject\",\"inLanguage\":\"en-US\",\"@id\":\"https:\/\/www.mariazell-wienerwald.at\/veranstaltungen\/2-fuehrung-hafnerberg-ignaz-mildorfers-grandioses-deckenfresko-in-der-wallfahrtskirche\/#primaryimage\",\"url\":\"https:\/\/www.mariazell-wienerwald.at\/wp-content\/uploads\/2020\/03\/Hafnerberg-01_920x612-300x200.jpg\",\"contentUrl\":\"https:\/\/www.mariazell-wienerwald.at\/wp-content\/uploads\/2020\/03\/Hafnerberg-01_920x612-300x200.jpg\"},{\"@type\":\"BreadcrumbList\",\"@id\":\"https:\/\/www.mariazell-wienerwald.at\/veranstaltungen\/2-fuehrung-hafnerberg-ignaz-mildorfers-grandioses-deckenfresko-in-der-wallfahrtskirche\/#breadcrumb\",\"itemListElement\":[{\"@type\":\"ListItem\",\"position\":1,\"name\":\"Startseite\",\"item\":\"https:\/\/www.mariazell-wienerwald.at\/\"},{\"@type\":\"ListItem\",\"position\":2,\"name\":\"Events\",\"item\":\"http:\/\/www.mariazell-wienerwald.at\/en\/veranstaltungen\/\"},{\"@type\":\"ListItem\",\"position\":3,\"name\":\"2. F\u00fchrung Hafnerberg: Ignaz Mildorfers grandioses Deckenfresko in der Wallfahrtskirche\"}]},{\"@type\":\"WebSite\",\"@id\":\"https:\/\/www.mariazell-wienerwald.at\/#website\",\"url\":\"https:\/\/www.mariazell-wienerwald.at\/\",\"name\":\"Mariazell im Wienerwald\",\"description\":\"\",\"potentialAction\":[{\"@type\":\"SearchAction\",\"target\":{\"@type\":\"EntryPoint\",\"urlTemplate\":\"https:\/\/www.mariazell-wienerwald.at\/?s={search_term_string}\"},\"query-input\":\"required name=search_term_string\"}],\"inLanguage\":\"en-US\"}]}<\/script>\n<!-- \/ Yoast SEO plugin. -->","yoast_head_json":{"title":"2. F\u00fchrung Hafnerberg: Ignaz Mildorfers grandioses Deckenfresko in der Wallfahrtskirche - Mariazell im Wienerwald","robots":{"index":"index","follow":"follow","max-snippet":"max-snippet:-1","max-image-preview":"max-image-preview:large","max-video-preview":"max-video-preview:-1"},"canonical":"https:\/\/www.mariazell-wienerwald.at\/en\/veranstaltungen\/2-fuehrung-hafnerberg-ignaz-mildorfers-grandioses-deckenfresko-in-der-wallfahrtskirche\/","og_locale":"en_US","og_type":"article","og_title":"2. F\u00fchrung Hafnerberg: Ignaz Mildorfers grandioses Deckenfresko in der Wallfahrtskirche - Mariazell im Wienerwald","og_description":"Nach einer ersten Ausbildung in der Malerei durch seinen Vater Michael Ignaz Mildorfer (1690\u20131747) war Josef Ignaz Mildorfer neben Franz Anton Maulbertsch und Johann Wenzel Bergl einer der herausragendsten Sch\u00fcler von Paul Troger. Er befasste sich zun\u00e4chst \u00fcberwiegend mit \u00d6lmalerei und wurde bereits im Alter von 23 Jahren von der Wiener Akademie der Bildenden K\u00fcnste [&hellip;]","og_url":"https:\/\/www.mariazell-wienerwald.at\/en\/veranstaltungen\/2-fuehrung-hafnerberg-ignaz-mildorfers-grandioses-deckenfresko-in-der-wallfahrtskirche\/","og_site_name":"Mariazell im Wienerwald","article_modified_time":"2020-07-24T13:32:28+00:00","og_image":[{"url":"https:\/\/www.mariazell-wienerwald.at\/wp-content\/uploads\/2020\/03\/Hafnerberg-01_920x612-300x200.jpg"}],"twitter_card":"summary_large_image","twitter_misc":{"Est. reading time":"1 minute"},"schema":{"@context":"https:\/\/schema.org","@graph":[{"@type":"WebPage","@id":"https:\/\/www.mariazell-wienerwald.at\/veranstaltungen\/2-fuehrung-hafnerberg-ignaz-mildorfers-grandioses-deckenfresko-in-der-wallfahrtskirche\/","url":"https:\/\/www.mariazell-wienerwald.at\/veranstaltungen\/2-fuehrung-hafnerberg-ignaz-mildorfers-grandioses-deckenfresko-in-der-wallfahrtskirche\/","name":"2. F\u00fchrung Hafnerberg: Ignaz Mildorfers grandioses Deckenfresko in der Wallfahrtskirche - Mariazell im Wienerwald","isPartOf":{"@id":"https:\/\/www.mariazell-wienerwald.at\/#website"},"primaryImageOfPage":{"@id":"https:\/\/www.mariazell-wienerwald.at\/veranstaltungen\/2-fuehrung-hafnerberg-ignaz-mildorfers-grandioses-deckenfresko-in-der-wallfahrtskirche\/#primaryimage"},"image":{"@id":"https:\/\/www.mariazell-wienerwald.at\/veranstaltungen\/2-fuehrung-hafnerberg-ignaz-mildorfers-grandioses-deckenfresko-in-der-wallfahrtskirche\/#primaryimage"},"thumbnailUrl":"https:\/\/www.mariazell-wienerwald.at\/wp-content\/uploads\/2020\/03\/Hafnerberg-01_920x612-300x200.jpg","datePublished":"2020-06-17T13:17:38+00:00","dateModified":"2020-07-24T13:32:28+00:00","breadcrumb":{"@id":"https:\/\/www.mariazell-wienerwald.at\/veranstaltungen\/2-fuehrung-hafnerberg-ignaz-mildorfers-grandioses-deckenfresko-in-der-wallfahrtskirche\/#breadcrumb"},"inLanguage":"en-US","potentialAction":[{"@type":"ReadAction","target":["https:\/\/www.mariazell-wienerwald.at\/veranstaltungen\/2-fuehrung-hafnerberg-ignaz-mildorfers-grandioses-deckenfresko-in-der-wallfahrtskirche\/"]}]},{"@type":"ImageObject","inLanguage":"en-US","@id":"https:\/\/www.mariazell-wienerwald.at\/veranstaltungen\/2-fuehrung-hafnerberg-ignaz-mildorfers-grandioses-deckenfresko-in-der-wallfahrtskirche\/#primaryimage","url":"https:\/\/www.mariazell-wienerwald.at\/wp-content\/uploads\/2020\/03\/Hafnerberg-01_920x612-300x200.jpg","contentUrl":"https:\/\/www.mariazell-wienerwald.at\/wp-content\/uploads\/2020\/03\/Hafnerberg-01_920x612-300x200.jpg"},{"@type":"BreadcrumbList","@id":"https:\/\/www.mariazell-wienerwald.at\/veranstaltungen\/2-fuehrung-hafnerberg-ignaz-mildorfers-grandioses-deckenfresko-in-der-wallfahrtskirche\/#breadcrumb","itemListElement":[{"@type":"ListItem","position":1,"name":"Startseite","item":"https:\/\/www.mariazell-wienerwald.at\/"},{"@type":"ListItem","position":2,"name":"Events","item":"http:\/\/www.mariazell-wienerwald.at\/en\/veranstaltungen\/"},{"@type":"ListItem","position":3,"name":"2. F\u00fchrung Hafnerberg: Ignaz Mildorfers grandioses Deckenfresko in der Wallfahrtskirche"}]},{"@type":"WebSite","@id":"https:\/\/www.mariazell-wienerwald.at\/#website","url":"https:\/\/www.mariazell-wienerwald.at\/","name":"Mariazell im Wienerwald","description":"","potentialAction":[{"@type":"SearchAction","target":{"@type":"EntryPoint","urlTemplate":"https:\/\/www.mariazell-wienerwald.at\/?s={search_term_string}"},"query-input":"required name=search_term_string"}],"inLanguage":"en-US"}]}},"_links":{"self":[{"href":"https:\/\/www.mariazell-wienerwald.at\/en\/wp-json\/wp\/v2\/ajde_events\/2966"}],"collection":[{"href":"https:\/\/www.mariazell-wienerwald.at\/en\/wp-json\/wp\/v2\/ajde_events"}],"about":[{"href":"https:\/\/www.mariazell-wienerwald.at\/en\/wp-json\/wp\/v2\/types\/ajde_events"}],"author":[{"embeddable":true,"href":"https:\/\/www.mariazell-wienerwald.at\/en\/wp-json\/wp\/v2\/users\/5"}],"replies":[{"embeddable":true,"href":"https:\/\/www.mariazell-wienerwald.at\/en\/wp-json\/wp\/v2\/comments?post=2966"}],"wp:attachment":[{"href":"https:\/\/www.mariazell-wienerwald.at\/en\/wp-json\/wp\/v2\/media?parent=2966"}],"wp:term":[{"taxonomy":"post_tag","embeddable":true,"href":"https:\/\/www.mariazell-wienerwald.at\/en\/wp-json\/wp\/v2\/tags?post=2966"},{"taxonomy":"event_type","embeddable":true,"href":"https:\/\/www.mariazell-wienerwald.at\/en\/wp-json\/wp\/v2\/event_type?post=2966"},{"taxonomy":"event_type_2","embeddable":true,"href":"https:\/\/www.mariazell-wienerwald.at\/en\/wp-json\/wp\/v2\/event_type_2?post=2966"}],"curies":[{"name":"wp","href":"https:\/\/api.w.org\/{rel}","templated":true}]}}

2. Führung Hafnerberg: Ignaz Mildorfers grandioses Deckenfresko in der Wallfahrtskirche

<p><img fetchpriority="high" decoding="async" class="wp-image-1626 alignleft" src="https://www.mariazell-wienerwald.at/wp-content/uploads/2020/03/Hafnerberg-01_920x612-300x200.jpg" alt="" width="350" height="233" srcset="https://www.mariazell-wienerwald.at/wp-content/uploads/2020/03/Hafnerberg-01_920x612-300x200.jpg 300w, https://www.mariazell-wienerwald.at/wp-content/uploads/2020/03/Hafnerberg-01_920x612-600x399.jpg 600w, https://www.mariazell-wienerwald.at/wp-content/uploads/2020/03/Hafnerberg-01_920x612-768x511.jpg 768w, https://www.mariazell-wienerwald.at/wp-content/uploads/2020/03/Hafnerberg-01_920x612.jpg 920w" sizes="(max-width: 350px) 100vw, 350px" /></p>
<p>Nach einer ersten Ausbildung in der Malerei durch seinen Vater Michael Ignaz Mildorfer (1690–1747) war Josef Ignaz Mildorfer neben Franz Anton Maulbertsch und Johann Wenzel Bergl einer der herausragendsten Schüler von Paul Troger. Er befasste sich zunächst überwiegend mit Ölmalerei und wurde bereits im Alter von 23 Jahren von der Wiener Akademie der Bildenden Künste für das Bild Kain, seinen Bruder Abel erschlagend mit einem ersten Preis ausgezeichnet. Dies führte zu seiner Anerkennung als Künstler, und nur ein Jahr später (1743) schuf er mit dem Kuppelfresko der Wallfahrtskirche Hafnerberg eines seiner bedeutendsten Werke.</p>
<p>Die Führung gibt einen genaueren Einblick in dieses Fresko und wie dieses im Zusammenhang mit der Wallfahrt steht. Selbstverständlich gibt es auch einen geschichtlichen Abriss über die Entstehung der Wallfahrtskirche und weiter Informationen über die Ausstattung der Kirche.</p>
<p>Die Führung wird von Mag. Martin Fuchs gehalten.</p>
<p>Weitere Informationen und Fragen an: m.fuchs@mariazell-wienerwald.at</p>
<p>&nbsp;</p>
<p>&nbsp;</p>

<!-- This site is optimized with the Yoast SEO plugin v23.1 - https://yoast.com/wordpress/plugins/seo/ -->
<title>2. Führung Hafnerberg: Ignaz Mildorfers grandioses Deckenfresko in der Wallfahrtskirche - Mariazell im Wienerwald</title>
<meta name="robots" content="index, follow, max-snippet:-1, max-image-preview:large, max-video-preview:-1" />
<link rel="canonical" href="https://www.mariazell-wienerwald.at/en/veranstaltungen/2-fuehrung-hafnerberg-ignaz-mildorfers-grandioses-deckenfresko-in-der-wallfahrtskirche/" />
<meta property="og:locale" content="en_US" />
<meta property="og:type" content="article" />
<meta property="og:title" content="2. Führung Hafnerberg: Ignaz Mildorfers grandioses Deckenfresko in der Wallfahrtskirche - Mariazell im Wienerwald" />
<meta property="og:description" content="Nach einer ersten Ausbildung in der Malerei durch seinen Vater Michael Ignaz Mildorfer (1690–1747) war Josef Ignaz Mildorfer neben Franz Anton Maulbertsch und Johann Wenzel Bergl einer der herausragendsten Schüler von Paul Troger. Er befasste sich zunächst überwiegend mit Ölmalerei und wurde bereits im Alter von 23 Jahren von der Wiener Akademie der Bildenden Künste [&hellip;]" />
<meta property="og:url" content="https://www.mariazell-wienerwald.at/en/veranstaltungen/2-fuehrung-hafnerberg-ignaz-mildorfers-grandioses-deckenfresko-in-der-wallfahrtskirche/" />
<meta property="og:site_name" content="Mariazell im Wienerwald" />
<meta property="article:modified_time" content="2020-07-24T13:32:28+00:00" />
<meta property="og:image" content="https://www.mariazell-wienerwald.at/wp-content/uploads/2020/03/Hafnerberg-01_920x612-300x200.jpg" />
<meta name="twitter:card" content="summary_large_image" />
<meta name="twitter:label1" content="Est. reading time" />
	<meta name="twitter:data1" content="1 minute" />
<script type="application/ld+json" class="yoast-schema-graph">{"@context":"https://schema.org","@graph":[{"@type":"WebPage","@id":"https://www.mariazell-wienerwald.at/veranstaltungen/2-fuehrung-hafnerberg-ignaz-mildorfers-grandioses-deckenfresko-in-der-wallfahrtskirche/","url":"https://www.mariazell-wienerwald.at/veranstaltungen/2-fuehrung-hafnerberg-ignaz-mildorfers-grandioses-deckenfresko-in-der-wallfahrtskirche/","name":"2. Führung Hafnerberg: Ignaz Mildorfers grandioses Deckenfresko in der Wallfahrtskirche - Mariazell im Wienerwald","isPartOf":{"@id":"https://www.mariazell-wienerwald.at/#website"},"primaryImageOfPage":{"@id":"https://www.mariazell-wienerwald.at/veranstaltungen/2-fuehrung-hafnerberg-ignaz-mildorfers-grandioses-deckenfresko-in-der-wallfahrtskirche/#primaryimage"},"image":{"@id":"https://www.mariazell-wienerwald.at/veranstaltungen/2-fuehrung-hafnerberg-ignaz-mildorfers-grandioses-deckenfresko-in-der-wallfahrtskirche/#primaryimage"},"thumbnailUrl":"https://www.mariazell-wienerwald.at/wp-content/uploads/2020/03/Hafnerberg-01_920x612-300x200.jpg","datePublished":"2020-06-17T13:17:38+00:00","dateModified":"2020-07-24T13:32:28+00:00","breadcrumb":{"@id":"https://www.mariazell-wienerwald.at/veranstaltungen/2-fuehrung-hafnerberg-ignaz-mildorfers-grandioses-deckenfresko-in-der-wallfahrtskirche/#breadcrumb"},"inLanguage":"en-US","potentialAction":[{"@type":"ReadAction","target":["https://www.mariazell-wienerwald.at/veranstaltungen/2-fuehrung-hafnerberg-ignaz-mildorfers-grandioses-deckenfresko-in-der-wallfahrtskirche/"]}]},{"@type":"ImageObject","inLanguage":"en-US","@id":"https://www.mariazell-wienerwald.at/veranstaltungen/2-fuehrung-hafnerberg-ignaz-mildorfers-grandioses-deckenfresko-in-der-wallfahrtskirche/#primaryimage","url":"https://www.mariazell-wienerwald.at/wp-content/uploads/2020/03/Hafnerberg-01_920x612-300x200.jpg","contentUrl":"https://www.mariazell-wienerwald.at/wp-content/uploads/2020/03/Hafnerberg-01_920x612-300x200.jpg"},{"@type":"BreadcrumbList","@id":"https://www.mariazell-wienerwald.at/veranstaltungen/2-fuehrung-hafnerberg-ignaz-mildorfers-grandioses-deckenfresko-in-der-wallfahrtskirche/#breadcrumb","itemListElement":[{"@type":"ListItem","position":1,"name":"Startseite","item":"https://www.mariazell-wienerwald.at/"},{"@type":"ListItem","position":2,"name":"Events","item":"http://www.mariazell-wienerwald.at/en/veranstaltungen/"},{"@type":"ListItem","position":3,"name":"2. Führung Hafnerberg: Ignaz Mildorfers grandioses Deckenfresko in der Wallfahrtskirche"}]},{"@type":"WebSite","@id":"https://www.mariazell-wienerwald.at/#website","url":"https://www.mariazell-wienerwald.at/","name":"Mariazell im Wienerwald","description":"","potentialAction":[{"@type":"SearchAction","target":{"@type":"EntryPoint","urlTemplate":"https://www.mariazell-wienerwald.at/?s={search_term_string}"},"query-input":"required name=search_term_string"}],"inLanguage":"en-US"}]}</script>
<!-- / Yoast SEO plugin. -->

2. Führung Hafnerberg: Ignaz Mildorfers grandioses Deckenfresko in der Wallfahrtskirche - Mariazell im Wienerwald

Nach einer ersten Ausbildung in der Malerei durch seinen Vater Michael Ignaz Mildorfer (1690–1747) war Josef Ignaz Mildorfer neben Franz Anton Maulbertsch und Johann Wenzel Bergl einer der herausragendsten Schüler von Paul Troger. Er befasste sich zunächst überwiegend mit Ölmalerei und wurde bereits im Alter von 23 Jahren von der Wiener Akademie der Bildenden Künste [&hellip;]
