{"id":5253,"date":"2022-10-20T09:05:35","date_gmt":"2022-10-20T07:05:35","guid":{"rendered":"https:\/\/www.mariazell-wienerwald.at\/veranstaltungen\/festival-cellensis-konzert-stimmenklang\/"},"modified":"2022-10-20T09:07:11","modified_gmt":"2022-10-20T07:07:11","slug":"festival-cellensis-konzert-stimmenklang","status":"publish","type":"ajde_events","link":"https:\/\/www.mariazell-wienerwald.at\/en\/veranstaltungen\/festival-cellensis-konzert-stimmenklang\/","title":{"rendered":"Festival CELLENSIS:  Konzert &#8222;Stimmenklang&#8220;"},"content":{"rendered":"<section class=\"elementor-section elementor-top-section elementor-element elementor-element-6f34cb6 elementor-section-boxed elementor-section-height-default elementor-section-height-default\" data-id=\"6f34cb6\" data-element_type=\"section\" data-settings=\"{&quot;background_background&quot;:&quot;classic&quot;}\">\n<div class=\"elementor-element elementor-element-d53cda2 elementor-widget elementor-widget-heading\" data-id=\"d53cda2\" data-element_type=\"widget\" data-widget_type=\"heading.default\">\n<div class=\"elementor-widget-container\">\n<h5 class=\"elementor-heading-title elementor-size-default\">Cornelia Hu\u0308bsch-Sopran, Nina Maria Edelmann-Mezzosopran Streichquintett \u201eCordes\u201c Robert Koizar-Orgel<\/h5>\n<\/div>\n<\/div>\n<div class=\"elementor-element elementor-element-272bb19 elementor-widget elementor-widget-text-editor\" data-id=\"272bb19\" data-element_type=\"widget\" data-widget_type=\"text-editor.default\">\n<div class=\"elementor-widget-container\">\n<p class=\"p2\"><i>Die wunderbare und idyllisch gelegene Pfarr- und Wallfahrtskirche St. Corona am Sch\u00f6pfl feiert heuer sein 300-Jahr-Jubil\u00e4um und bekommt mit diesem wunderbaren vielf\u00e4ltigen Konzert ein k\u00fcnstlerisches Geburtstagsgeschenk. Neben dem ber\u00fchmten \u201eStabat Mater\u201c von Giovanni Battista Pergolesi sind Besonderheiten zwischen Orgel, Trompete und Gesang zu h\u00f6ren. <\/i><\/p>\n<\/div>\n<\/div>\n<\/section>\n<p><strong><a href=\"https:\/\/www.cellensis.at\">Weitere Infos und Tickets<\/a><br \/>\n<\/strong><\/p>\n<p>&nbsp;<\/p>\n<p>&nbsp;<\/p>","protected":false},"author":3,"featured_media":3477,"menu_order":0,"comment_status":"open","ping_status":"closed","template":"","meta":{"_acf_changed":false},"tags":[],"event_type":[22],"event_type_2":[],"class_list":["post-5253","ajde_events","type-ajde_events","status-publish","has-post-thumbnail","hentry","event_location-wallfahrtskirche-st-corona","event_type-musik-theater"],"acf":[],"yoast_head":"<!-- This site is optimized with the Yoast SEO plugin v23.1 - https:\/\/yoast.com\/wordpress\/plugins\/seo\/ -->\n<title>Festival CELLENSIS: Konzert &quot;Stimmenklang&quot; - Mariazell im Wienerwald<\/title>\n<meta name=\"robots\" content=\"index, follow, max-snippet:-1, max-image-preview:large, max-video-preview:-1\" \/>\n<link rel=\"canonical\" href=\"https:\/\/www.mariazell-wienerwald.at\/en\/veranstaltungen\/festival-cellensis-konzert-stimmenklang\/\" \/>\n<meta property=\"og:locale\" content=\"en_US\" \/>\n<meta property=\"og:type\" content=\"article\" \/>\n<meta property=\"og:title\" content=\"Festival CELLENSIS: Konzert &quot;Stimmenklang&quot; - Mariazell im Wienerwald\" \/>\n<meta property=\"og:description\" content=\"Cornelia Hu\u0308bsch-Sopran, Nina Maria Edelmann-Mezzosopran Streichquintett \u201eCordes\u201c Robert Koizar-Orgel Die wunderbare und idyllisch gelegene Pfarr- und Wallfahrtskirche St. Corona am Sch\u00f6pfl feiert heuer sein 300-Jahr-Jubil\u00e4um und bekommt mit diesem wunderbaren vielf\u00e4ltigen Konzert ein k\u00fcnstlerisches Geburtstagsgeschenk. Neben dem ber\u00fchmten \u201eStabat Mater\u201c von Giovanni Battista Pergolesi sind Besonderheiten zwischen Orgel, Trompete und Gesang zu h\u00f6ren. Weitere Infos [&hellip;]\" \/>\n<meta property=\"og:url\" content=\"https:\/\/www.mariazell-wienerwald.at\/en\/veranstaltungen\/festival-cellensis-konzert-stimmenklang\/\" \/>\n<meta property=\"og:site_name\" content=\"Mariazell im Wienerwald\" \/>\n<meta property=\"article:modified_time\" content=\"2022-10-20T07:07:11+00:00\" \/>\n<meta property=\"og:image\" content=\"https:\/\/www.mariazell-wienerwald.at\/wp-content\/uploads\/2020\/09\/KMZ_Hauptportal-scaled.jpg\" \/>\n\t<meta property=\"og:image:width\" content=\"2560\" \/>\n\t<meta property=\"og:image:height\" content=\"1707\" \/>\n\t<meta property=\"og:image:type\" content=\"image\/jpeg\" \/>\n<meta name=\"twitter:card\" content=\"summary_large_image\" \/>\n<meta name=\"twitter:label1\" content=\"Est. reading time\" \/>\n\t<meta name=\"twitter:data1\" content=\"1 minute\" \/>\n<script type=\"application\/ld+json\" class=\"yoast-schema-graph\">{\"@context\":\"https:\/\/schema.org\",\"@graph\":[{\"@type\":\"WebPage\",\"@id\":\"https:\/\/www.mariazell-wienerwald.at\/veranstaltungen\/festival-cellensis-konzert-stimmenklang\/\",\"url\":\"https:\/\/www.mariazell-wienerwald.at\/veranstaltungen\/festival-cellensis-konzert-stimmenklang\/\",\"name\":\"Festival CELLENSIS: Konzert \\\"Stimmenklang\\\" - Mariazell im Wienerwald\",\"isPartOf\":{\"@id\":\"https:\/\/www.mariazell-wienerwald.at\/#website\"},\"primaryImageOfPage\":{\"@id\":\"https:\/\/www.mariazell-wienerwald.at\/veranstaltungen\/festival-cellensis-konzert-stimmenklang\/#primaryimage\"},\"image\":{\"@id\":\"https:\/\/www.mariazell-wienerwald.at\/veranstaltungen\/festival-cellensis-konzert-stimmenklang\/#primaryimage\"},\"thumbnailUrl\":\"https:\/\/www.mariazell-wienerwald.at\/wp-content\/uploads\/2020\/09\/KMZ_Hauptportal-scaled.jpg\",\"datePublished\":\"2022-10-20T07:05:35+00:00\",\"dateModified\":\"2022-10-20T07:07:11+00:00\",\"breadcrumb\":{\"@id\":\"https:\/\/www.mariazell-wienerwald.at\/veranstaltungen\/festival-cellensis-konzert-stimmenklang\/#breadcrumb\"},\"inLanguage\":\"en-US\",\"potentialAction\":[{\"@type\":\"ReadAction\",\"target\":[\"https:\/\/www.mariazell-wienerwald.at\/veranstaltungen\/festival-cellensis-konzert-stimmenklang\/\"]}]},{\"@type\":\"ImageObject\",\"inLanguage\":\"en-US\",\"@id\":\"https:\/\/www.mariazell-wienerwald.at\/veranstaltungen\/festival-cellensis-konzert-stimmenklang\/#primaryimage\",\"url\":\"https:\/\/www.mariazell-wienerwald.at\/wp-content\/uploads\/2020\/09\/KMZ_Hauptportal-scaled.jpg\",\"contentUrl\":\"https:\/\/www.mariazell-wienerwald.at\/wp-content\/uploads\/2020\/09\/KMZ_Hauptportal-scaled.jpg\",\"width\":2560,\"height\":1707,\"caption\":\"Romanisches Hauptportal der Basilika Klein-Mariazell \u2013 ein Erbe aus der Zeit Herzog Friedrichs II., um 1240 (Foto: G\u00e1bor Tarcsay)\"},{\"@type\":\"BreadcrumbList\",\"@id\":\"https:\/\/www.mariazell-wienerwald.at\/veranstaltungen\/festival-cellensis-konzert-stimmenklang\/#breadcrumb\",\"itemListElement\":[{\"@type\":\"ListItem\",\"position\":1,\"name\":\"Startseite\",\"item\":\"https:\/\/www.mariazell-wienerwald.at\/\"},{\"@type\":\"ListItem\",\"position\":2,\"name\":\"Events\",\"item\":\"http:\/\/www.mariazell-wienerwald.at\/en\/veranstaltungen\/\"},{\"@type\":\"ListItem\",\"position\":3,\"name\":\"Festival CELLENSIS: Konzert &#8222;Stimmenklang&#8220;\"}]},{\"@type\":\"WebSite\",\"@id\":\"https:\/\/www.mariazell-wienerwald.at\/#website\",\"url\":\"https:\/\/www.mariazell-wienerwald.at\/\",\"name\":\"Mariazell im Wienerwald\",\"description\":\"\",\"potentialAction\":[{\"@type\":\"SearchAction\",\"target\":{\"@type\":\"EntryPoint\",\"urlTemplate\":\"https:\/\/www.mariazell-wienerwald.at\/?s={search_term_string}\"},\"query-input\":\"required name=search_term_string\"}],\"inLanguage\":\"en-US\"}]}<\/script>\n<!-- \/ Yoast SEO plugin. -->","yoast_head_json":{"title":"Festival CELLENSIS: Konzert \"Stimmenklang\" - Mariazell im Wienerwald","robots":{"index":"index","follow":"follow","max-snippet":"max-snippet:-1","max-image-preview":"max-image-preview:large","max-video-preview":"max-video-preview:-1"},"canonical":"https:\/\/www.mariazell-wienerwald.at\/en\/veranstaltungen\/festival-cellensis-konzert-stimmenklang\/","og_locale":"en_US","og_type":"article","og_title":"Festival CELLENSIS: Konzert \"Stimmenklang\" - Mariazell im Wienerwald","og_description":"Cornelia Hu\u0308bsch-Sopran, Nina Maria Edelmann-Mezzosopran Streichquintett \u201eCordes\u201c Robert Koizar-Orgel Die wunderbare und idyllisch gelegene Pfarr- und Wallfahrtskirche St. Corona am Sch\u00f6pfl feiert heuer sein 300-Jahr-Jubil\u00e4um und bekommt mit diesem wunderbaren vielf\u00e4ltigen Konzert ein k\u00fcnstlerisches Geburtstagsgeschenk. Neben dem ber\u00fchmten \u201eStabat Mater\u201c von Giovanni Battista Pergolesi sind Besonderheiten zwischen Orgel, Trompete und Gesang zu h\u00f6ren. Weitere Infos [&hellip;]","og_url":"https:\/\/www.mariazell-wienerwald.at\/en\/veranstaltungen\/festival-cellensis-konzert-stimmenklang\/","og_site_name":"Mariazell im Wienerwald","article_modified_time":"2022-10-20T07:07:11+00:00","og_image":[{"width":2560,"height":1707,"url":"https:\/\/www.mariazell-wienerwald.at\/wp-content\/uploads\/2020\/09\/KMZ_Hauptportal-scaled.jpg","type":"image\/jpeg"}],"twitter_card":"summary_large_image","twitter_misc":{"Est. reading time":"1 minute"},"schema":{"@context":"https:\/\/schema.org","@graph":[{"@type":"WebPage","@id":"https:\/\/www.mariazell-wienerwald.at\/veranstaltungen\/festival-cellensis-konzert-stimmenklang\/","url":"https:\/\/www.mariazell-wienerwald.at\/veranstaltungen\/festival-cellensis-konzert-stimmenklang\/","name":"Festival CELLENSIS: Konzert \"Stimmenklang\" - Mariazell im Wienerwald","isPartOf":{"@id":"https:\/\/www.mariazell-wienerwald.at\/#website"},"primaryImageOfPage":{"@id":"https:\/\/www.mariazell-wienerwald.at\/veranstaltungen\/festival-cellensis-konzert-stimmenklang\/#primaryimage"},"image":{"@id":"https:\/\/www.mariazell-wienerwald.at\/veranstaltungen\/festival-cellensis-konzert-stimmenklang\/#primaryimage"},"thumbnailUrl":"https:\/\/www.mariazell-wienerwald.at\/wp-content\/uploads\/2020\/09\/KMZ_Hauptportal-scaled.jpg","datePublished":"2022-10-20T07:05:35+00:00","dateModified":"2022-10-20T07:07:11+00:00","breadcrumb":{"@id":"https:\/\/www.mariazell-wienerwald.at\/veranstaltungen\/festival-cellensis-konzert-stimmenklang\/#breadcrumb"},"inLanguage":"en-US","potentialAction":[{"@type":"ReadAction","target":["https:\/\/www.mariazell-wienerwald.at\/veranstaltungen\/festival-cellensis-konzert-stimmenklang\/"]}]},{"@type":"ImageObject","inLanguage":"en-US","@id":"https:\/\/www.mariazell-wienerwald.at\/veranstaltungen\/festival-cellensis-konzert-stimmenklang\/#primaryimage","url":"https:\/\/www.mariazell-wienerwald.at\/wp-content\/uploads\/2020\/09\/KMZ_Hauptportal-scaled.jpg","contentUrl":"https:\/\/www.mariazell-wienerwald.at\/wp-content\/uploads\/2020\/09\/KMZ_Hauptportal-scaled.jpg","width":2560,"height":1707,"caption":"Romanisches Hauptportal der Basilika Klein-Mariazell \u2013 ein Erbe aus der Zeit Herzog Friedrichs II., um 1240 (Foto: G\u00e1bor Tarcsay)"},{"@type":"BreadcrumbList","@id":"https:\/\/www.mariazell-wienerwald.at\/veranstaltungen\/festival-cellensis-konzert-stimmenklang\/#breadcrumb","itemListElement":[{"@type":"ListItem","position":1,"name":"Startseite","item":"https:\/\/www.mariazell-wienerwald.at\/"},{"@type":"ListItem","position":2,"name":"Events","item":"http:\/\/www.mariazell-wienerwald.at\/en\/veranstaltungen\/"},{"@type":"ListItem","position":3,"name":"Festival CELLENSIS: Konzert &#8222;Stimmenklang&#8220;"}]},{"@type":"WebSite","@id":"https:\/\/www.mariazell-wienerwald.at\/#website","url":"https:\/\/www.mariazell-wienerwald.at\/","name":"Mariazell im Wienerwald","description":"","potentialAction":[{"@type":"SearchAction","target":{"@type":"EntryPoint","urlTemplate":"https:\/\/www.mariazell-wienerwald.at\/?s={search_term_string}"},"query-input":"required name=search_term_string"}],"inLanguage":"en-US"}]}},"_links":{"self":[{"href":"https:\/\/www.mariazell-wienerwald.at\/en\/wp-json\/wp\/v2\/ajde_events\/5253"}],"collection":[{"href":"https:\/\/www.mariazell-wienerwald.at\/en\/wp-json\/wp\/v2\/ajde_events"}],"about":[{"href":"https:\/\/www.mariazell-wienerwald.at\/en\/wp-json\/wp\/v2\/types\/ajde_events"}],"author":[{"embeddable":true,"href":"https:\/\/www.mariazell-wienerwald.at\/en\/wp-json\/wp\/v2\/users\/3"}],"replies":[{"embeddable":true,"href":"https:\/\/www.mariazell-wienerwald.at\/en\/wp-json\/wp\/v2\/comments?post=5253"}],"wp:featuredmedia":[{"embeddable":true,"href":"https:\/\/www.mariazell-wienerwald.at\/en\/wp-json\/wp\/v2\/media\/3477"}],"wp:attachment":[{"href":"https:\/\/www.mariazell-wienerwald.at\/en\/wp-json\/wp\/v2\/media?parent=5253"}],"wp:term":[{"taxonomy":"post_tag","embeddable":true,"href":"https:\/\/www.mariazell-wienerwald.at\/en\/wp-json\/wp\/v2\/tags?post=5253"},{"taxonomy":"event_type","embeddable":true,"href":"https:\/\/www.mariazell-wienerwald.at\/en\/wp-json\/wp\/v2\/event_type?post=5253"},{"taxonomy":"event_type_2","embeddable":true,"href":"https:\/\/www.mariazell-wienerwald.at\/en\/wp-json\/wp\/v2\/event_type_2?post=5253"}],"curies":[{"name":"wp","href":"https:\/\/api.w.org\/{rel}","templated":true}]}}

<section class="elementor-section elementor-top-section elementor-element elementor-element-6f34cb6 elementor-section-boxed elementor-section-height-default elementor-section-height-default" data-id="6f34cb6" data-element_type="section" data-settings="{&quot;background_background&quot;:&quot;classic&quot;}">
<div class="elementor-element elementor-element-d53cda2 elementor-widget elementor-widget-heading" data-id="d53cda2" data-element_type="widget" data-widget_type="heading.default">
<div class="elementor-widget-container">
<h5 class="elementor-heading-title elementor-size-default">Cornelia Hübsch-Sopran, Nina Maria Edelmann-Mezzosopran Streichquintett „Cordes“ Robert Koizar-Orgel</h5>
</div>
</div>
<div class="elementor-element elementor-element-272bb19 elementor-widget elementor-widget-text-editor" data-id="272bb19" data-element_type="widget" data-widget_type="text-editor.default">
<div class="elementor-widget-container">
<p class="p2"><i>Die wunderbare und idyllisch gelegene Pfarr- und Wallfahrtskirche St. Corona am Schöpfl feiert heuer sein 300-Jahr-Jubiläum und bekommt mit diesem wunderbaren vielfältigen Konzert ein künstlerisches Geburtstagsgeschenk. Neben dem berühmten „Stabat Mater“ von Giovanni Battista Pergolesi sind Besonderheiten zwischen Orgel, Trompete und Gesang zu hören. </i></p>
</div>
</div>
</section>
<p><strong><a href="https://www.cellensis.at">Weitere Infos und Tickets</a><br />
</strong></p>
<p>&nbsp;</p>
<p>&nbsp;</p>

<!-- This site is optimized with the Yoast SEO plugin v23.1 - https://yoast.com/wordpress/plugins/seo/ -->
<title>Festival CELLENSIS: Konzert &quot;Stimmenklang&quot; - Mariazell im Wienerwald</title>
<meta name="robots" content="index, follow, max-snippet:-1, max-image-preview:large, max-video-preview:-1" />
<link rel="canonical" href="https://www.mariazell-wienerwald.at/en/veranstaltungen/festival-cellensis-konzert-stimmenklang/" />
<meta property="og:locale" content="en_US" />
<meta property="og:type" content="article" />
<meta property="og:title" content="Festival CELLENSIS: Konzert &quot;Stimmenklang&quot; - Mariazell im Wienerwald" />
<meta property="og:description" content="Cornelia Hübsch-Sopran, Nina Maria Edelmann-Mezzosopran Streichquintett „Cordes“ Robert Koizar-Orgel Die wunderbare und idyllisch gelegene Pfarr- und Wallfahrtskirche St. Corona am Schöpfl feiert heuer sein 300-Jahr-Jubiläum und bekommt mit diesem wunderbaren vielfältigen Konzert ein künstlerisches Geburtstagsgeschenk. Neben dem berühmten „Stabat Mater“ von Giovanni Battista Pergolesi sind Besonderheiten zwischen Orgel, Trompete und Gesang zu hören. Weitere Infos [&hellip;]" />
<meta property="og:url" content="https://www.mariazell-wienerwald.at/en/veranstaltungen/festival-cellensis-konzert-stimmenklang/" />
<meta property="og:site_name" content="Mariazell im Wienerwald" />
<meta property="article:modified_time" content="2022-10-20T07:07:11+00:00" />
<meta property="og:image" content="https://www.mariazell-wienerwald.at/wp-content/uploads/2020/09/KMZ_Hauptportal-scaled.jpg" />
	<meta property="og:image:width" content="2560" />
	<meta property="og:image:height" content="1707" />
	<meta property="og:image:type" content="image/jpeg" />
<meta name="twitter:card" content="summary_large_image" />
<meta name="twitter:label1" content="Est. reading time" />
	<meta name="twitter:data1" content="1 minute" />
<script type="application/ld+json" class="yoast-schema-graph">{"@context":"https://schema.org","@graph":[{"@type":"WebPage","@id":"https://www.mariazell-wienerwald.at/veranstaltungen/festival-cellensis-konzert-stimmenklang/","url":"https://www.mariazell-wienerwald.at/veranstaltungen/festival-cellensis-konzert-stimmenklang/","name":"Festival CELLENSIS: Konzert \"Stimmenklang\" - Mariazell im Wienerwald","isPartOf":{"@id":"https://www.mariazell-wienerwald.at/#website"},"primaryImageOfPage":{"@id":"https://www.mariazell-wienerwald.at/veranstaltungen/festival-cellensis-konzert-stimmenklang/#primaryimage"},"image":{"@id":"https://www.mariazell-wienerwald.at/veranstaltungen/festival-cellensis-konzert-stimmenklang/#primaryimage"},"thumbnailUrl":"https://www.mariazell-wienerwald.at/wp-content/uploads/2020/09/KMZ_Hauptportal-scaled.jpg","datePublished":"2022-10-20T07:05:35+00:00","dateModified":"2022-10-20T07:07:11+00:00","breadcrumb":{"@id":"https://www.mariazell-wienerwald.at/veranstaltungen/festival-cellensis-konzert-stimmenklang/#breadcrumb"},"inLanguage":"en-US","potentialAction":[{"@type":"ReadAction","target":["https://www.mariazell-wienerwald.at/veranstaltungen/festival-cellensis-konzert-stimmenklang/"]}]},{"@type":"ImageObject","inLanguage":"en-US","@id":"https://www.mariazell-wienerwald.at/veranstaltungen/festival-cellensis-konzert-stimmenklang/#primaryimage","url":"https://www.mariazell-wienerwald.at/wp-content/uploads/2020/09/KMZ_Hauptportal-scaled.jpg","contentUrl":"https://www.mariazell-wienerwald.at/wp-content/uploads/2020/09/KMZ_Hauptportal-scaled.jpg","width":2560,"height":1707,"caption":"Romanisches Hauptportal der Basilika Klein-Mariazell – ein Erbe aus der Zeit Herzog Friedrichs II., um 1240 (Foto: Gábor Tarcsay)"},{"@type":"BreadcrumbList","@id":"https://www.mariazell-wienerwald.at/veranstaltungen/festival-cellensis-konzert-stimmenklang/#breadcrumb","itemListElement":[{"@type":"ListItem","position":1,"name":"Startseite","item":"https://www.mariazell-wienerwald.at/"},{"@type":"ListItem","position":2,"name":"Events","item":"http://www.mariazell-wienerwald.at/en/veranstaltungen/"},{"@type":"ListItem","position":3,"name":"Festival CELLENSIS: Konzert &#8222;Stimmenklang&#8220;"}]},{"@type":"WebSite","@id":"https://www.mariazell-wienerwald.at/#website","url":"https://www.mariazell-wienerwald.at/","name":"Mariazell im Wienerwald","description":"","potentialAction":[{"@type":"SearchAction","target":{"@type":"EntryPoint","urlTemplate":"https://www.mariazell-wienerwald.at/?s={search_term_string}"},"query-input":"required name=search_term_string"}],"inLanguage":"en-US"}]}</script>
<!-- / Yoast SEO plugin. -->

Cornelia Hübsch-Sopran, Nina Maria Edelmann-Mezzosopran Streichquintett „Cordes“ Robert Koizar-Orgel Die wunderbare und idyllisch gelegene Pfarr- und Wallfahrtskirche St. Corona am Schöpfl feiert heuer sein 300-Jahr-Jubiläum und bekommt mit diesem wunderbaren vielfältigen Konzert ein künstlerisches Geburtstagsgeschenk. Neben dem berühmten „Stabat Mater“ von Giovanni Battista Pergolesi sind Besonderheiten zwischen Orgel, Trompete und Gesang zu hören. Weitere Infos [&hellip;]

Romanisches Hauptportal der Basilika Klein-Mariazell – ein Erbe aus der Zeit Herzog Friedrichs II., um 1240 (Foto: Gábor Tarcsay)
