{"id":5597,"date":"2023-05-27T14:51:14","date_gmt":"2023-05-27T12:51:14","guid":{"rendered":"https:\/\/www.mariazell-wienerwald.at\/?post_type=ajde_events&#038;p=5597"},"modified":"2023-09-18T11:16:54","modified_gmt":"2023-09-18T09:16:54","slug":"ausstellung-prof-christian-kvasnicka","status":"publish","type":"ajde_events","link":"https:\/\/www.mariazell-wienerwald.at\/en\/veranstaltungen\/ausstellung-prof-christian-kvasnicka\/","title":{"rendered":"&#8222;Die Farben des Triestingtales&#8220; &#8211; Ausstellung Prof. Christian Kvasnicka"},"content":{"rendered":"<p>Anl\u00e4sslich des 70. Geburtstages von Christian Kvasnicka findet im Stiftskeller eine gro\u00dfe Werkschau des K\u00fcnstlers statt, bei der 25 zum Teil gro\u00dfformatige \u00d6lbilder gezeigt werden. Kvasnicka lebt seit nunmehr 30 Jahren in Enzesfeld-Lindabrunn. Seine Inspiration holt er sich unter Anderem aus der Landschaft, den Farben und dem Lichts des Triestingtales. Die Verwendung von nat\u00fcrlichen Farbpigmenten, wie Lapislazuliblau, Indischgelb oder Englischrot, bringen die Bilder zum Leuchten. Terpentin zum Ansetzen der Farben wird in Herrnstein destilliert und ist damit eines der reinsten und besten Terpentin\u00f6le.<\/p>\n<p>Denn die Natur ist das Ma\u00df aller Dinge.<\/p>\n<p>&nbsp;<\/p>\n<p><strong>Zu besichtigen zwischen 14. und 26. Oktober nach telefonischer Vereinbarung 0664 180 63 49.<\/strong><\/p>\n<p>&nbsp;<\/p>\n<p><em><strong>Professor Christian Kvasnicka<\/strong><\/em>, ehem. Kulturreferent der Bank Austria (L\u00e4nderbank), Ehrenpr\u00e4sident des Symposions Lindabrunn, Leiter der Schule des Sehens in Lengau, Salzburg, ehem. Direktor des Art Collectors Club des Wiener Roten Kreuzes, Vorstandsmitglied Maecenas \u00d6sterreich und Nieder\u00f6sterreich. Ausstellungen au\u00dfer in \u00d6sterreich in New York, Ningbo \u2013 China, Ibiza \u2013Spanien, Rom und Venedig, D\u00fcsseldorf und Bratislava. Tr\u00e4ger des Ehrenkreuzes f\u00fcr Wissenschaft und Kunst, gro\u00dfes Ehrenzeichen der Republik \u00d6sterreich.<\/p>","protected":false},"author":3,"featured_media":5794,"menu_order":0,"comment_status":"open","ping_status":"closed","template":"","meta":{"_acf_changed":false},"tags":[],"event_type":[27],"event_type_2":[],"class_list":["post-5597","ajde_events","type-ajde_events","status-publish","has-post-thumbnail","hentry","event_location-klein-mariazell-stiftskeller","event_type-museen-und-themenwege"],"acf":[],"yoast_head":"<!-- This site is optimized with the Yoast SEO plugin v23.1 - https:\/\/yoast.com\/wordpress\/plugins\/seo\/ -->\n<title>&quot;Die Farben des Triestingtales&quot; - Ausstellung Prof. Christian Kvasnicka - Mariazell im Wienerwald<\/title>\n<meta name=\"robots\" content=\"index, follow, max-snippet:-1, max-image-preview:large, max-video-preview:-1\" \/>\n<link rel=\"canonical\" href=\"https:\/\/www.mariazell-wienerwald.at\/en\/veranstaltungen\/ausstellung-prof-christian-kvasnicka\/\" \/>\n<meta property=\"og:locale\" content=\"en_US\" \/>\n<meta property=\"og:type\" content=\"article\" \/>\n<meta property=\"og:title\" content=\"&quot;Die Farben des Triestingtales&quot; - Ausstellung Prof. Christian Kvasnicka - Mariazell im Wienerwald\" \/>\n<meta property=\"og:description\" content=\"Anl\u00e4sslich des 70. Geburtstages von Christian Kvasnicka findet im Stiftskeller eine gro\u00dfe Werkschau des K\u00fcnstlers statt, bei der 25 zum Teil gro\u00dfformatige \u00d6lbilder gezeigt werden. Kvasnicka lebt seit nunmehr 30 Jahren in Enzesfeld-Lindabrunn. Seine Inspiration holt er sich unter Anderem aus der Landschaft, den Farben und dem Lichts des Triestingtales. Die Verwendung von nat\u00fcrlichen Farbpigmenten, [&hellip;]\" \/>\n<meta property=\"og:url\" content=\"https:\/\/www.mariazell-wienerwald.at\/en\/veranstaltungen\/ausstellung-prof-christian-kvasnicka\/\" \/>\n<meta property=\"og:site_name\" content=\"Mariazell im Wienerwald\" \/>\n<meta property=\"article:modified_time\" content=\"2023-09-18T09:16:54+00:00\" \/>\n<meta property=\"og:image\" content=\"https:\/\/www.mariazell-wienerwald.at\/wp-content\/uploads\/2023\/05\/Kvasnicka_Farbenrausch-757x1024.jpg\" \/>\n\t<meta property=\"og:image:width\" content=\"757\" \/>\n\t<meta property=\"og:image:height\" content=\"1024\" \/>\n\t<meta property=\"og:image:type\" content=\"image\/jpeg\" \/>\n<meta name=\"twitter:card\" content=\"summary_large_image\" \/>\n<meta name=\"twitter:label1\" content=\"Est. reading time\" \/>\n\t<meta name=\"twitter:data1\" content=\"1 minute\" \/>\n<script type=\"application\/ld+json\" class=\"yoast-schema-graph\">{\"@context\":\"https:\/\/schema.org\",\"@graph\":[{\"@type\":\"WebPage\",\"@id\":\"https:\/\/www.mariazell-wienerwald.at\/veranstaltungen\/ausstellung-prof-christian-kvasnicka\/\",\"url\":\"https:\/\/www.mariazell-wienerwald.at\/veranstaltungen\/ausstellung-prof-christian-kvasnicka\/\",\"name\":\"\\\"Die Farben des Triestingtales\\\" - Ausstellung Prof. Christian Kvasnicka - Mariazell im Wienerwald\",\"isPartOf\":{\"@id\":\"https:\/\/www.mariazell-wienerwald.at\/#website\"},\"primaryImageOfPage\":{\"@id\":\"https:\/\/www.mariazell-wienerwald.at\/veranstaltungen\/ausstellung-prof-christian-kvasnicka\/#primaryimage\"},\"image\":{\"@id\":\"https:\/\/www.mariazell-wienerwald.at\/veranstaltungen\/ausstellung-prof-christian-kvasnicka\/#primaryimage\"},\"thumbnailUrl\":\"https:\/\/www.mariazell-wienerwald.at\/wp-content\/uploads\/2023\/05\/Kvasnicka_Farbenrausch.jpg\",\"datePublished\":\"2023-05-27T12:51:14+00:00\",\"dateModified\":\"2023-09-18T09:16:54+00:00\",\"breadcrumb\":{\"@id\":\"https:\/\/www.mariazell-wienerwald.at\/veranstaltungen\/ausstellung-prof-christian-kvasnicka\/#breadcrumb\"},\"inLanguage\":\"en-US\",\"potentialAction\":[{\"@type\":\"ReadAction\",\"target\":[\"https:\/\/www.mariazell-wienerwald.at\/veranstaltungen\/ausstellung-prof-christian-kvasnicka\/\"]}]},{\"@type\":\"ImageObject\",\"inLanguage\":\"en-US\",\"@id\":\"https:\/\/www.mariazell-wienerwald.at\/veranstaltungen\/ausstellung-prof-christian-kvasnicka\/#primaryimage\",\"url\":\"https:\/\/www.mariazell-wienerwald.at\/wp-content\/uploads\/2023\/05\/Kvasnicka_Farbenrausch.jpg\",\"contentUrl\":\"https:\/\/www.mariazell-wienerwald.at\/wp-content\/uploads\/2023\/05\/Kvasnicka_Farbenrausch.jpg\",\"width\":1797,\"height\":2432},{\"@type\":\"BreadcrumbList\",\"@id\":\"https:\/\/www.mariazell-wienerwald.at\/veranstaltungen\/ausstellung-prof-christian-kvasnicka\/#breadcrumb\",\"itemListElement\":[{\"@type\":\"ListItem\",\"position\":1,\"name\":\"Startseite\",\"item\":\"https:\/\/www.mariazell-wienerwald.at\/\"},{\"@type\":\"ListItem\",\"position\":2,\"name\":\"Events\",\"item\":\"http:\/\/www.mariazell-wienerwald.at\/en\/veranstaltungen\/\"},{\"@type\":\"ListItem\",\"position\":3,\"name\":\"&#8222;Die Farben des Triestingtales&#8220; &#8211; Ausstellung Prof. Christian Kvasnicka\"}]},{\"@type\":\"WebSite\",\"@id\":\"https:\/\/www.mariazell-wienerwald.at\/#website\",\"url\":\"https:\/\/www.mariazell-wienerwald.at\/\",\"name\":\"Mariazell im Wienerwald\",\"description\":\"\",\"potentialAction\":[{\"@type\":\"SearchAction\",\"target\":{\"@type\":\"EntryPoint\",\"urlTemplate\":\"https:\/\/www.mariazell-wienerwald.at\/?s={search_term_string}\"},\"query-input\":\"required name=search_term_string\"}],\"inLanguage\":\"en-US\"}]}<\/script>\n<!-- \/ Yoast SEO plugin. -->","yoast_head_json":{"title":"\"Die Farben des Triestingtales\" - Ausstellung Prof. Christian Kvasnicka - Mariazell im Wienerwald","robots":{"index":"index","follow":"follow","max-snippet":"max-snippet:-1","max-image-preview":"max-image-preview:large","max-video-preview":"max-video-preview:-1"},"canonical":"https:\/\/www.mariazell-wienerwald.at\/en\/veranstaltungen\/ausstellung-prof-christian-kvasnicka\/","og_locale":"en_US","og_type":"article","og_title":"\"Die Farben des Triestingtales\" - Ausstellung Prof. Christian Kvasnicka - Mariazell im Wienerwald","og_description":"Anl\u00e4sslich des 70. Geburtstages von Christian Kvasnicka findet im Stiftskeller eine gro\u00dfe Werkschau des K\u00fcnstlers statt, bei der 25 zum Teil gro\u00dfformatige \u00d6lbilder gezeigt werden. Kvasnicka lebt seit nunmehr 30 Jahren in Enzesfeld-Lindabrunn. Seine Inspiration holt er sich unter Anderem aus der Landschaft, den Farben und dem Lichts des Triestingtales. Die Verwendung von nat\u00fcrlichen Farbpigmenten, [&hellip;]","og_url":"https:\/\/www.mariazell-wienerwald.at\/en\/veranstaltungen\/ausstellung-prof-christian-kvasnicka\/","og_site_name":"Mariazell im Wienerwald","article_modified_time":"2023-09-18T09:16:54+00:00","og_image":[{"width":757,"height":1024,"url":"https:\/\/www.mariazell-wienerwald.at\/wp-content\/uploads\/2023\/05\/Kvasnicka_Farbenrausch-757x1024.jpg","type":"image\/jpeg"}],"twitter_card":"summary_large_image","twitter_misc":{"Est. reading time":"1 minute"},"schema":{"@context":"https:\/\/schema.org","@graph":[{"@type":"WebPage","@id":"https:\/\/www.mariazell-wienerwald.at\/veranstaltungen\/ausstellung-prof-christian-kvasnicka\/","url":"https:\/\/www.mariazell-wienerwald.at\/veranstaltungen\/ausstellung-prof-christian-kvasnicka\/","name":"\"Die Farben des Triestingtales\" - Ausstellung Prof. Christian Kvasnicka - Mariazell im Wienerwald","isPartOf":{"@id":"https:\/\/www.mariazell-wienerwald.at\/#website"},"primaryImageOfPage":{"@id":"https:\/\/www.mariazell-wienerwald.at\/veranstaltungen\/ausstellung-prof-christian-kvasnicka\/#primaryimage"},"image":{"@id":"https:\/\/www.mariazell-wienerwald.at\/veranstaltungen\/ausstellung-prof-christian-kvasnicka\/#primaryimage"},"thumbnailUrl":"https:\/\/www.mariazell-wienerwald.at\/wp-content\/uploads\/2023\/05\/Kvasnicka_Farbenrausch.jpg","datePublished":"2023-05-27T12:51:14+00:00","dateModified":"2023-09-18T09:16:54+00:00","breadcrumb":{"@id":"https:\/\/www.mariazell-wienerwald.at\/veranstaltungen\/ausstellung-prof-christian-kvasnicka\/#breadcrumb"},"inLanguage":"en-US","potentialAction":[{"@type":"ReadAction","target":["https:\/\/www.mariazell-wienerwald.at\/veranstaltungen\/ausstellung-prof-christian-kvasnicka\/"]}]},{"@type":"ImageObject","inLanguage":"en-US","@id":"https:\/\/www.mariazell-wienerwald.at\/veranstaltungen\/ausstellung-prof-christian-kvasnicka\/#primaryimage","url":"https:\/\/www.mariazell-wienerwald.at\/wp-content\/uploads\/2023\/05\/Kvasnicka_Farbenrausch.jpg","contentUrl":"https:\/\/www.mariazell-wienerwald.at\/wp-content\/uploads\/2023\/05\/Kvasnicka_Farbenrausch.jpg","width":1797,"height":2432},{"@type":"BreadcrumbList","@id":"https:\/\/www.mariazell-wienerwald.at\/veranstaltungen\/ausstellung-prof-christian-kvasnicka\/#breadcrumb","itemListElement":[{"@type":"ListItem","position":1,"name":"Startseite","item":"https:\/\/www.mariazell-wienerwald.at\/"},{"@type":"ListItem","position":2,"name":"Events","item":"http:\/\/www.mariazell-wienerwald.at\/en\/veranstaltungen\/"},{"@type":"ListItem","position":3,"name":"&#8222;Die Farben des Triestingtales&#8220; &#8211; Ausstellung Prof. Christian Kvasnicka"}]},{"@type":"WebSite","@id":"https:\/\/www.mariazell-wienerwald.at\/#website","url":"https:\/\/www.mariazell-wienerwald.at\/","name":"Mariazell im Wienerwald","description":"","potentialAction":[{"@type":"SearchAction","target":{"@type":"EntryPoint","urlTemplate":"https:\/\/www.mariazell-wienerwald.at\/?s={search_term_string}"},"query-input":"required name=search_term_string"}],"inLanguage":"en-US"}]}},"_links":{"self":[{"href":"https:\/\/www.mariazell-wienerwald.at\/en\/wp-json\/wp\/v2\/ajde_events\/5597"}],"collection":[{"href":"https:\/\/www.mariazell-wienerwald.at\/en\/wp-json\/wp\/v2\/ajde_events"}],"about":[{"href":"https:\/\/www.mariazell-wienerwald.at\/en\/wp-json\/wp\/v2\/types\/ajde_events"}],"author":[{"embeddable":true,"href":"https:\/\/www.mariazell-wienerwald.at\/en\/wp-json\/wp\/v2\/users\/3"}],"replies":[{"embeddable":true,"href":"https:\/\/www.mariazell-wienerwald.at\/en\/wp-json\/wp\/v2\/comments?post=5597"}],"wp:featuredmedia":[{"embeddable":true,"href":"https:\/\/www.mariazell-wienerwald.at\/en\/wp-json\/wp\/v2\/media\/5794"}],"wp:attachment":[{"href":"https:\/\/www.mariazell-wienerwald.at\/en\/wp-json\/wp\/v2\/media?parent=5597"}],"wp:term":[{"taxonomy":"post_tag","embeddable":true,"href":"https:\/\/www.mariazell-wienerwald.at\/en\/wp-json\/wp\/v2\/tags?post=5597"},{"taxonomy":"event_type","embeddable":true,"href":"https:\/\/www.mariazell-wienerwald.at\/en\/wp-json\/wp\/v2\/event_type?post=5597"},{"taxonomy":"event_type_2","embeddable":true,"href":"https:\/\/www.mariazell-wienerwald.at\/en\/wp-json\/wp\/v2\/event_type_2?post=5597"}],"curies":[{"name":"wp","href":"https:\/\/api.w.org\/{rel}","templated":true}]}}

<p>Anlässlich des 70. Geburtstages von Christian Kvasnicka findet im Stiftskeller eine große Werkschau des Künstlers statt, bei der 25 zum Teil großformatige Ölbilder gezeigt werden. Kvasnicka lebt seit nunmehr 30 Jahren in Enzesfeld-Lindabrunn. Seine Inspiration holt er sich unter Anderem aus der Landschaft, den Farben und dem Lichts des Triestingtales. Die Verwendung von natürlichen Farbpigmenten, wie Lapislazuliblau, Indischgelb oder Englischrot, bringen die Bilder zum Leuchten. Terpentin zum Ansetzen der Farben wird in Herrnstein destilliert und ist damit eines der reinsten und besten Terpentinöle.</p>
<p>Denn die Natur ist das Maß aller Dinge.</p>
<p>&nbsp;</p>
<p><strong>Zu besichtigen zwischen 14. und 26. Oktober nach telefonischer Vereinbarung 0664 180 63 49.</strong></p>
<p>&nbsp;</p>
<p><em><strong>Professor Christian Kvasnicka</strong></em>, ehem. Kulturreferent der Bank Austria (Länderbank), Ehrenpräsident des Symposions Lindabrunn, Leiter der Schule des Sehens in Lengau, Salzburg, ehem. Direktor des Art Collectors Club des Wiener Roten Kreuzes, Vorstandsmitglied Maecenas Österreich und Niederösterreich. Ausstellungen außer in Österreich in New York, Ningbo – China, Ibiza –Spanien, Rom und Venedig, Düsseldorf und Bratislava. Träger des Ehrenkreuzes für Wissenschaft und Kunst, großes Ehrenzeichen der Republik Österreich.</p>

<!-- This site is optimized with the Yoast SEO plugin v23.1 - https://yoast.com/wordpress/plugins/seo/ -->
<title>&quot;Die Farben des Triestingtales&quot; - Ausstellung Prof. Christian Kvasnicka - Mariazell im Wienerwald</title>
<meta name="robots" content="index, follow, max-snippet:-1, max-image-preview:large, max-video-preview:-1" />
<link rel="canonical" href="https://www.mariazell-wienerwald.at/en/veranstaltungen/ausstellung-prof-christian-kvasnicka/" />
<meta property="og:locale" content="en_US" />
<meta property="og:type" content="article" />
<meta property="og:title" content="&quot;Die Farben des Triestingtales&quot; - Ausstellung Prof. Christian Kvasnicka - Mariazell im Wienerwald" />
<meta property="og:description" content="Anlässlich des 70. Geburtstages von Christian Kvasnicka findet im Stiftskeller eine große Werkschau des Künstlers statt, bei der 25 zum Teil großformatige Ölbilder gezeigt werden. Kvasnicka lebt seit nunmehr 30 Jahren in Enzesfeld-Lindabrunn. Seine Inspiration holt er sich unter Anderem aus der Landschaft, den Farben und dem Lichts des Triestingtales. Die Verwendung von natürlichen Farbpigmenten, [&hellip;]" />
<meta property="og:url" content="https://www.mariazell-wienerwald.at/en/veranstaltungen/ausstellung-prof-christian-kvasnicka/" />
<meta property="og:site_name" content="Mariazell im Wienerwald" />
<meta property="article:modified_time" content="2023-09-18T09:16:54+00:00" />
<meta property="og:image" content="https://www.mariazell-wienerwald.at/wp-content/uploads/2023/05/Kvasnicka_Farbenrausch-757x1024.jpg" />
	<meta property="og:image:width" content="757" />
	<meta property="og:image:height" content="1024" />
	<meta property="og:image:type" content="image/jpeg" />
<meta name="twitter:card" content="summary_large_image" />
<meta name="twitter:label1" content="Est. reading time" />
	<meta name="twitter:data1" content="1 minute" />
<script type="application/ld+json" class="yoast-schema-graph">{"@context":"https://schema.org","@graph":[{"@type":"WebPage","@id":"https://www.mariazell-wienerwald.at/veranstaltungen/ausstellung-prof-christian-kvasnicka/","url":"https://www.mariazell-wienerwald.at/veranstaltungen/ausstellung-prof-christian-kvasnicka/","name":"\"Die Farben des Triestingtales\" - Ausstellung Prof. Christian Kvasnicka - Mariazell im Wienerwald","isPartOf":{"@id":"https://www.mariazell-wienerwald.at/#website"},"primaryImageOfPage":{"@id":"https://www.mariazell-wienerwald.at/veranstaltungen/ausstellung-prof-christian-kvasnicka/#primaryimage"},"image":{"@id":"https://www.mariazell-wienerwald.at/veranstaltungen/ausstellung-prof-christian-kvasnicka/#primaryimage"},"thumbnailUrl":"https://www.mariazell-wienerwald.at/wp-content/uploads/2023/05/Kvasnicka_Farbenrausch.jpg","datePublished":"2023-05-27T12:51:14+00:00","dateModified":"2023-09-18T09:16:54+00:00","breadcrumb":{"@id":"https://www.mariazell-wienerwald.at/veranstaltungen/ausstellung-prof-christian-kvasnicka/#breadcrumb"},"inLanguage":"en-US","potentialAction":[{"@type":"ReadAction","target":["https://www.mariazell-wienerwald.at/veranstaltungen/ausstellung-prof-christian-kvasnicka/"]}]},{"@type":"ImageObject","inLanguage":"en-US","@id":"https://www.mariazell-wienerwald.at/veranstaltungen/ausstellung-prof-christian-kvasnicka/#primaryimage","url":"https://www.mariazell-wienerwald.at/wp-content/uploads/2023/05/Kvasnicka_Farbenrausch.jpg","contentUrl":"https://www.mariazell-wienerwald.at/wp-content/uploads/2023/05/Kvasnicka_Farbenrausch.jpg","width":1797,"height":2432},{"@type":"BreadcrumbList","@id":"https://www.mariazell-wienerwald.at/veranstaltungen/ausstellung-prof-christian-kvasnicka/#breadcrumb","itemListElement":[{"@type":"ListItem","position":1,"name":"Startseite","item":"https://www.mariazell-wienerwald.at/"},{"@type":"ListItem","position":2,"name":"Events","item":"http://www.mariazell-wienerwald.at/en/veranstaltungen/"},{"@type":"ListItem","position":3,"name":"&#8222;Die Farben des Triestingtales&#8220; &#8211; Ausstellung Prof. Christian Kvasnicka"}]},{"@type":"WebSite","@id":"https://www.mariazell-wienerwald.at/#website","url":"https://www.mariazell-wienerwald.at/","name":"Mariazell im Wienerwald","description":"","potentialAction":[{"@type":"SearchAction","target":{"@type":"EntryPoint","urlTemplate":"https://www.mariazell-wienerwald.at/?s={search_term_string}"},"query-input":"required name=search_term_string"}],"inLanguage":"en-US"}]}</script>
<!-- / Yoast SEO plugin. -->

Anlässlich des 70. Geburtstages von Christian Kvasnicka findet im Stiftskeller eine große Werkschau des Künstlers statt, bei der 25 zum Teil großformatige Ölbilder gezeigt werden. Kvasnicka lebt seit nunmehr 30 Jahren in Enzesfeld-Lindabrunn. Seine Inspiration holt er sich unter Anderem aus der Landschaft, den Farben und dem Lichts des Triestingtales. Die Verwendung von natürlichen Farbpigmenten, [&hellip;]
