{"id":5935,"date":"2023-11-23T18:04:32","date_gmt":"2023-11-23T17:04:32","guid":{"rendered":"https:\/\/www.mariazell-wienerwald.at\/?post_type=ajde_events&#038;p=5935"},"modified":"2023-12-10T12:40:48","modified_gmt":"2023-12-10T11:40:48","slug":"buchpraesentation-st-corona-zwischen-den-kriegen-neujahrsempfang","status":"publish","type":"ajde_events","link":"https:\/\/www.mariazell-wienerwald.at\/en\/veranstaltungen\/buchpraesentation-st-corona-zwischen-den-kriegen-neujahrsempfang\/","title":{"rendered":"Buchpr\u00e4sentation &#8222;St. Corona zwischen den Weltkriegen&#8220; (Neujahrsempfang)"},"content":{"rendered":"<p>St. Corona am Sch\u00f6pfl liegt am s\u00fcdwestlichen Rand des Wienerwalds, am Fu\u00dfe von dessen h\u00f6chster Erhebung, des Sch\u00f6pfls. Hier war in der Zwischenkriegszeit und danach ein Pfarrer t\u00e4tig, der sich nicht nur umsichtig um seine Sch\u00e4fchen k\u00fcmmerte, sondern auch deren Leben und Schicksal, vor allem w\u00e4hrend des Zweiten Weltkriegs, minuti\u00f6s in mehreren handschriftlich angelegten B\u00e4nden dokumentierte. Diesen Schatz arbeitete der Historiker Martin Fuchs auf und \u00f6ffnete damit ein Fenster in eine Zeit, die noch gar nicht so lange her ist, aber doch schon ganz weit entfernt scheint. Am Beispiel der kleinen Wienerwaldgemeinde zeigt er, wie sich die politischen Umw\u00e4lzungen nach dem Zusammenbruch der Donaumonarchie hier auswirkten, wie etwa die Auseinandersetzungen des (christlichsozialen) Pfarrers mit dem (sozialdemokratischen) Lehrer manchmal an Don Camillo und Peppone erinnern, oder wie sich die Kriegshandlungen des Zweiten Weltkriegs konkret auf die Menschen und ihre Umgebung auswirkten.<\/p>\n<p>Die offizielle Pr\u00e4sentation findet am 7. J\u00e4nner 2024 im Rahmen des <a href=\"https:\/\/www.mariazell-wienerwald.at\/en\/veranstaltungen\/buchpraesentation-st-corona-zwischen-den-kriegen-neujahrsempfang\/\"><strong>Neujahrsempfangs der Marktgemeinde Altenmarkt<\/strong> <\/a>statt, es kann jedoch bereits jetzt, noch rechtzeitig vor Weihnachten<a href=\"https:\/\/www.mariazell-wienerwald.at\/en\/klosterladen\/produkte-neu\/bucher\/ein-pfarrer-und-seine-gemeinde-st-corona-zwischen-den-weltkriegen\/\"><strong> hier ONLINE bestellt werden<\/strong>.<\/a><\/p>","protected":false},"author":3,"featured_media":5946,"menu_order":0,"comment_status":"open","ping_status":"closed","template":"","meta":{"_acf_changed":false},"tags":[],"event_type":[20,19,27],"event_type_2":[],"class_list":["post-5935","ajde_events","type-ajde_events","status-publish","has-post-thumbnail","hentry","event_location-leopoldsaal-klein-mariazell","event_type-kirchenfuehrung","event_type-kulturhistorische-wanderungen","event_type-museen-und-themenwege"],"acf":[],"yoast_head":"<!-- This site is optimized with the Yoast SEO plugin v23.1 - https:\/\/yoast.com\/wordpress\/plugins\/seo\/ -->\n<title>Buchpr\u00e4sentation &quot;St. Corona zwischen den Weltkriegen&quot; (Neujahrsempfang) - Mariazell im Wienerwald<\/title>\n<meta name=\"robots\" content=\"index, follow, max-snippet:-1, max-image-preview:large, max-video-preview:-1\" \/>\n<link rel=\"canonical\" href=\"https:\/\/www.mariazell-wienerwald.at\/en\/veranstaltungen\/buchpraesentation-st-corona-zwischen-den-kriegen-neujahrsempfang\/\" \/>\n<meta property=\"og:locale\" content=\"en_US\" \/>\n<meta property=\"og:type\" content=\"article\" \/>\n<meta property=\"og:title\" content=\"Buchpr\u00e4sentation &quot;St. Corona zwischen den Weltkriegen&quot; (Neujahrsempfang) - Mariazell im Wienerwald\" \/>\n<meta property=\"og:description\" content=\"St. Corona am Sch\u00f6pfl liegt am s\u00fcdwestlichen Rand des Wienerwalds, am Fu\u00dfe von dessen h\u00f6chster Erhebung, des Sch\u00f6pfls. Hier war in der Zwischenkriegszeit und danach ein Pfarrer t\u00e4tig, der sich nicht nur umsichtig um seine Sch\u00e4fchen k\u00fcmmerte, sondern auch deren Leben und Schicksal, vor allem w\u00e4hrend des Zweiten Weltkriegs, minuti\u00f6s in mehreren handschriftlich angelegten B\u00e4nden [&hellip;]\" \/>\n<meta property=\"og:url\" content=\"https:\/\/www.mariazell-wienerwald.at\/en\/veranstaltungen\/buchpraesentation-st-corona-zwischen-den-kriegen-neujahrsempfang\/\" \/>\n<meta property=\"og:site_name\" content=\"Mariazell im Wienerwald\" \/>\n<meta property=\"article:modified_time\" content=\"2023-12-10T11:40:48+00:00\" \/>\n<meta property=\"og:image\" content=\"https:\/\/www.mariazell-wienerwald.at\/wp-content\/uploads\/2023\/12\/StCorona_Cover.jpg\" \/>\n\t<meta property=\"og:image:width\" content=\"1005\" \/>\n\t<meta property=\"og:image:height\" content=\"1004\" \/>\n\t<meta property=\"og:image:type\" content=\"image\/jpeg\" \/>\n<meta name=\"twitter:card\" content=\"summary_large_image\" \/>\n<meta name=\"twitter:label1\" content=\"Est. reading time\" \/>\n\t<meta name=\"twitter:data1\" content=\"1 minute\" \/>\n<script type=\"application\/ld+json\" class=\"yoast-schema-graph\">{\"@context\":\"https:\/\/schema.org\",\"@graph\":[{\"@type\":\"WebPage\",\"@id\":\"https:\/\/www.mariazell-wienerwald.at\/veranstaltungen\/buchpraesentation-st-corona-zwischen-den-kriegen-neujahrsempfang\/\",\"url\":\"https:\/\/www.mariazell-wienerwald.at\/veranstaltungen\/buchpraesentation-st-corona-zwischen-den-kriegen-neujahrsempfang\/\",\"name\":\"Buchpr\u00e4sentation \\\"St. Corona zwischen den Weltkriegen\\\" (Neujahrsempfang) - Mariazell im Wienerwald\",\"isPartOf\":{\"@id\":\"https:\/\/www.mariazell-wienerwald.at\/#website\"},\"primaryImageOfPage\":{\"@id\":\"https:\/\/www.mariazell-wienerwald.at\/veranstaltungen\/buchpraesentation-st-corona-zwischen-den-kriegen-neujahrsempfang\/#primaryimage\"},\"image\":{\"@id\":\"https:\/\/www.mariazell-wienerwald.at\/veranstaltungen\/buchpraesentation-st-corona-zwischen-den-kriegen-neujahrsempfang\/#primaryimage\"},\"thumbnailUrl\":\"https:\/\/www.mariazell-wienerwald.at\/wp-content\/uploads\/2023\/12\/StCorona_Cover.jpg\",\"datePublished\":\"2023-11-23T17:04:32+00:00\",\"dateModified\":\"2023-12-10T11:40:48+00:00\",\"breadcrumb\":{\"@id\":\"https:\/\/www.mariazell-wienerwald.at\/veranstaltungen\/buchpraesentation-st-corona-zwischen-den-kriegen-neujahrsempfang\/#breadcrumb\"},\"inLanguage\":\"en-US\",\"potentialAction\":[{\"@type\":\"ReadAction\",\"target\":[\"https:\/\/www.mariazell-wienerwald.at\/veranstaltungen\/buchpraesentation-st-corona-zwischen-den-kriegen-neujahrsempfang\/\"]}]},{\"@type\":\"ImageObject\",\"inLanguage\":\"en-US\",\"@id\":\"https:\/\/www.mariazell-wienerwald.at\/veranstaltungen\/buchpraesentation-st-corona-zwischen-den-kriegen-neujahrsempfang\/#primaryimage\",\"url\":\"https:\/\/www.mariazell-wienerwald.at\/wp-content\/uploads\/2023\/12\/StCorona_Cover.jpg\",\"contentUrl\":\"https:\/\/www.mariazell-wienerwald.at\/wp-content\/uploads\/2023\/12\/StCorona_Cover.jpg\",\"width\":1005,\"height\":1004},{\"@type\":\"BreadcrumbList\",\"@id\":\"https:\/\/www.mariazell-wienerwald.at\/veranstaltungen\/buchpraesentation-st-corona-zwischen-den-kriegen-neujahrsempfang\/#breadcrumb\",\"itemListElement\":[{\"@type\":\"ListItem\",\"position\":1,\"name\":\"Startseite\",\"item\":\"https:\/\/www.mariazell-wienerwald.at\/\"},{\"@type\":\"ListItem\",\"position\":2,\"name\":\"Events\",\"item\":\"http:\/\/www.mariazell-wienerwald.at\/en\/veranstaltungen\/\"},{\"@type\":\"ListItem\",\"position\":3,\"name\":\"Buchpr\u00e4sentation &#8222;St. Corona zwischen den Weltkriegen&#8220; (Neujahrsempfang)\"}]},{\"@type\":\"WebSite\",\"@id\":\"https:\/\/www.mariazell-wienerwald.at\/#website\",\"url\":\"https:\/\/www.mariazell-wienerwald.at\/\",\"name\":\"Mariazell im Wienerwald\",\"description\":\"\",\"potentialAction\":[{\"@type\":\"SearchAction\",\"target\":{\"@type\":\"EntryPoint\",\"urlTemplate\":\"https:\/\/www.mariazell-wienerwald.at\/?s={search_term_string}\"},\"query-input\":\"required name=search_term_string\"}],\"inLanguage\":\"en-US\"}]}<\/script>\n<!-- \/ Yoast SEO plugin. -->","yoast_head_json":{"title":"Buchpr\u00e4sentation \"St. Corona zwischen den Weltkriegen\" (Neujahrsempfang) - Mariazell im Wienerwald","robots":{"index":"index","follow":"follow","max-snippet":"max-snippet:-1","max-image-preview":"max-image-preview:large","max-video-preview":"max-video-preview:-1"},"canonical":"https:\/\/www.mariazell-wienerwald.at\/en\/veranstaltungen\/buchpraesentation-st-corona-zwischen-den-kriegen-neujahrsempfang\/","og_locale":"en_US","og_type":"article","og_title":"Buchpr\u00e4sentation \"St. Corona zwischen den Weltkriegen\" (Neujahrsempfang) - Mariazell im Wienerwald","og_description":"St. Corona am Sch\u00f6pfl liegt am s\u00fcdwestlichen Rand des Wienerwalds, am Fu\u00dfe von dessen h\u00f6chster Erhebung, des Sch\u00f6pfls. Hier war in der Zwischenkriegszeit und danach ein Pfarrer t\u00e4tig, der sich nicht nur umsichtig um seine Sch\u00e4fchen k\u00fcmmerte, sondern auch deren Leben und Schicksal, vor allem w\u00e4hrend des Zweiten Weltkriegs, minuti\u00f6s in mehreren handschriftlich angelegten B\u00e4nden [&hellip;]","og_url":"https:\/\/www.mariazell-wienerwald.at\/en\/veranstaltungen\/buchpraesentation-st-corona-zwischen-den-kriegen-neujahrsempfang\/","og_site_name":"Mariazell im Wienerwald","article_modified_time":"2023-12-10T11:40:48+00:00","og_image":[{"width":1005,"height":1004,"url":"https:\/\/www.mariazell-wienerwald.at\/wp-content\/uploads\/2023\/12\/StCorona_Cover.jpg","type":"image\/jpeg"}],"twitter_card":"summary_large_image","twitter_misc":{"Est. reading time":"1 minute"},"schema":{"@context":"https:\/\/schema.org","@graph":[{"@type":"WebPage","@id":"https:\/\/www.mariazell-wienerwald.at\/veranstaltungen\/buchpraesentation-st-corona-zwischen-den-kriegen-neujahrsempfang\/","url":"https:\/\/www.mariazell-wienerwald.at\/veranstaltungen\/buchpraesentation-st-corona-zwischen-den-kriegen-neujahrsempfang\/","name":"Buchpr\u00e4sentation \"St. Corona zwischen den Weltkriegen\" (Neujahrsempfang) - Mariazell im Wienerwald","isPartOf":{"@id":"https:\/\/www.mariazell-wienerwald.at\/#website"},"primaryImageOfPage":{"@id":"https:\/\/www.mariazell-wienerwald.at\/veranstaltungen\/buchpraesentation-st-corona-zwischen-den-kriegen-neujahrsempfang\/#primaryimage"},"image":{"@id":"https:\/\/www.mariazell-wienerwald.at\/veranstaltungen\/buchpraesentation-st-corona-zwischen-den-kriegen-neujahrsempfang\/#primaryimage"},"thumbnailUrl":"https:\/\/www.mariazell-wienerwald.at\/wp-content\/uploads\/2023\/12\/StCorona_Cover.jpg","datePublished":"2023-11-23T17:04:32+00:00","dateModified":"2023-12-10T11:40:48+00:00","breadcrumb":{"@id":"https:\/\/www.mariazell-wienerwald.at\/veranstaltungen\/buchpraesentation-st-corona-zwischen-den-kriegen-neujahrsempfang\/#breadcrumb"},"inLanguage":"en-US","potentialAction":[{"@type":"ReadAction","target":["https:\/\/www.mariazell-wienerwald.at\/veranstaltungen\/buchpraesentation-st-corona-zwischen-den-kriegen-neujahrsempfang\/"]}]},{"@type":"ImageObject","inLanguage":"en-US","@id":"https:\/\/www.mariazell-wienerwald.at\/veranstaltungen\/buchpraesentation-st-corona-zwischen-den-kriegen-neujahrsempfang\/#primaryimage","url":"https:\/\/www.mariazell-wienerwald.at\/wp-content\/uploads\/2023\/12\/StCorona_Cover.jpg","contentUrl":"https:\/\/www.mariazell-wienerwald.at\/wp-content\/uploads\/2023\/12\/StCorona_Cover.jpg","width":1005,"height":1004},{"@type":"BreadcrumbList","@id":"https:\/\/www.mariazell-wienerwald.at\/veranstaltungen\/buchpraesentation-st-corona-zwischen-den-kriegen-neujahrsempfang\/#breadcrumb","itemListElement":[{"@type":"ListItem","position":1,"name":"Startseite","item":"https:\/\/www.mariazell-wienerwald.at\/"},{"@type":"ListItem","position":2,"name":"Events","item":"http:\/\/www.mariazell-wienerwald.at\/en\/veranstaltungen\/"},{"@type":"ListItem","position":3,"name":"Buchpr\u00e4sentation &#8222;St. Corona zwischen den Weltkriegen&#8220; (Neujahrsempfang)"}]},{"@type":"WebSite","@id":"https:\/\/www.mariazell-wienerwald.at\/#website","url":"https:\/\/www.mariazell-wienerwald.at\/","name":"Mariazell im Wienerwald","description":"","potentialAction":[{"@type":"SearchAction","target":{"@type":"EntryPoint","urlTemplate":"https:\/\/www.mariazell-wienerwald.at\/?s={search_term_string}"},"query-input":"required name=search_term_string"}],"inLanguage":"en-US"}]}},"_links":{"self":[{"href":"https:\/\/www.mariazell-wienerwald.at\/en\/wp-json\/wp\/v2\/ajde_events\/5935"}],"collection":[{"href":"https:\/\/www.mariazell-wienerwald.at\/en\/wp-json\/wp\/v2\/ajde_events"}],"about":[{"href":"https:\/\/www.mariazell-wienerwald.at\/en\/wp-json\/wp\/v2\/types\/ajde_events"}],"author":[{"embeddable":true,"href":"https:\/\/www.mariazell-wienerwald.at\/en\/wp-json\/wp\/v2\/users\/3"}],"replies":[{"embeddable":true,"href":"https:\/\/www.mariazell-wienerwald.at\/en\/wp-json\/wp\/v2\/comments?post=5935"}],"wp:featuredmedia":[{"embeddable":true,"href":"https:\/\/www.mariazell-wienerwald.at\/en\/wp-json\/wp\/v2\/media\/5946"}],"wp:attachment":[{"href":"https:\/\/www.mariazell-wienerwald.at\/en\/wp-json\/wp\/v2\/media?parent=5935"}],"wp:term":[{"taxonomy":"post_tag","embeddable":true,"href":"https:\/\/www.mariazell-wienerwald.at\/en\/wp-json\/wp\/v2\/tags?post=5935"},{"taxonomy":"event_type","embeddable":true,"href":"https:\/\/www.mariazell-wienerwald.at\/en\/wp-json\/wp\/v2\/event_type?post=5935"},{"taxonomy":"event_type_2","embeddable":true,"href":"https:\/\/www.mariazell-wienerwald.at\/en\/wp-json\/wp\/v2\/event_type_2?post=5935"}],"curies":[{"name":"wp","href":"https:\/\/api.w.org\/{rel}","templated":true}]}}

Buchpräsentation &#8222;St. Corona zwischen den Weltkriegen&#8220; (Neujahrsempfang)

<p>St. Corona am Schöpfl liegt am südwestlichen Rand des Wienerwalds, am Fuße von dessen höchster Erhebung, des Schöpfls. Hier war in der Zwischenkriegszeit und danach ein Pfarrer tätig, der sich nicht nur umsichtig um seine Schäfchen kümmerte, sondern auch deren Leben und Schicksal, vor allem während des Zweiten Weltkriegs, minutiös in mehreren handschriftlich angelegten Bänden dokumentierte. Diesen Schatz arbeitete der Historiker Martin Fuchs auf und öffnete damit ein Fenster in eine Zeit, die noch gar nicht so lange her ist, aber doch schon ganz weit entfernt scheint. Am Beispiel der kleinen Wienerwaldgemeinde zeigt er, wie sich die politischen Umwälzungen nach dem Zusammenbruch der Donaumonarchie hier auswirkten, wie etwa die Auseinandersetzungen des (christlichsozialen) Pfarrers mit dem (sozialdemokratischen) Lehrer manchmal an Don Camillo und Peppone erinnern, oder wie sich die Kriegshandlungen des Zweiten Weltkriegs konkret auf die Menschen und ihre Umgebung auswirkten.</p>
<p>Die offizielle Präsentation findet am 7. Jänner 2024 im Rahmen des <a href="https://www.mariazell-wienerwald.at/en/veranstaltungen/buchpraesentation-st-corona-zwischen-den-kriegen-neujahrsempfang/"><strong>Neujahrsempfangs der Marktgemeinde Altenmarkt</strong> </a>statt, es kann jedoch bereits jetzt, noch rechtzeitig vor Weihnachten<a href="https://www.mariazell-wienerwald.at/en/klosterladen/produkte-neu/bucher/ein-pfarrer-und-seine-gemeinde-st-corona-zwischen-den-weltkriegen/"><strong> hier ONLINE bestellt werden</strong>.</a></p>

<!-- This site is optimized with the Yoast SEO plugin v23.1 - https://yoast.com/wordpress/plugins/seo/ -->
<title>Buchpräsentation &quot;St. Corona zwischen den Weltkriegen&quot; (Neujahrsempfang) - Mariazell im Wienerwald</title>
<meta name="robots" content="index, follow, max-snippet:-1, max-image-preview:large, max-video-preview:-1" />
<link rel="canonical" href="https://www.mariazell-wienerwald.at/en/veranstaltungen/buchpraesentation-st-corona-zwischen-den-kriegen-neujahrsempfang/" />
<meta property="og:locale" content="en_US" />
<meta property="og:type" content="article" />
<meta property="og:title" content="Buchpräsentation &quot;St. Corona zwischen den Weltkriegen&quot; (Neujahrsempfang) - Mariazell im Wienerwald" />
<meta property="og:description" content="St. Corona am Schöpfl liegt am südwestlichen Rand des Wienerwalds, am Fuße von dessen höchster Erhebung, des Schöpfls. Hier war in der Zwischenkriegszeit und danach ein Pfarrer tätig, der sich nicht nur umsichtig um seine Schäfchen kümmerte, sondern auch deren Leben und Schicksal, vor allem während des Zweiten Weltkriegs, minutiös in mehreren handschriftlich angelegten Bänden [&hellip;]" />
<meta property="og:url" content="https://www.mariazell-wienerwald.at/en/veranstaltungen/buchpraesentation-st-corona-zwischen-den-kriegen-neujahrsempfang/" />
<meta property="og:site_name" content="Mariazell im Wienerwald" />
<meta property="article:modified_time" content="2023-12-10T11:40:48+00:00" />
<meta property="og:image" content="https://www.mariazell-wienerwald.at/wp-content/uploads/2023/12/StCorona_Cover.jpg" />
	<meta property="og:image:width" content="1005" />
	<meta property="og:image:height" content="1004" />
	<meta property="og:image:type" content="image/jpeg" />
<meta name="twitter:card" content="summary_large_image" />
<meta name="twitter:label1" content="Est. reading time" />
	<meta name="twitter:data1" content="1 minute" />
<script type="application/ld+json" class="yoast-schema-graph">{"@context":"https://schema.org","@graph":[{"@type":"WebPage","@id":"https://www.mariazell-wienerwald.at/veranstaltungen/buchpraesentation-st-corona-zwischen-den-kriegen-neujahrsempfang/","url":"https://www.mariazell-wienerwald.at/veranstaltungen/buchpraesentation-st-corona-zwischen-den-kriegen-neujahrsempfang/","name":"Buchpräsentation \"St. Corona zwischen den Weltkriegen\" (Neujahrsempfang) - Mariazell im Wienerwald","isPartOf":{"@id":"https://www.mariazell-wienerwald.at/#website"},"primaryImageOfPage":{"@id":"https://www.mariazell-wienerwald.at/veranstaltungen/buchpraesentation-st-corona-zwischen-den-kriegen-neujahrsempfang/#primaryimage"},"image":{"@id":"https://www.mariazell-wienerwald.at/veranstaltungen/buchpraesentation-st-corona-zwischen-den-kriegen-neujahrsempfang/#primaryimage"},"thumbnailUrl":"https://www.mariazell-wienerwald.at/wp-content/uploads/2023/12/StCorona_Cover.jpg","datePublished":"2023-11-23T17:04:32+00:00","dateModified":"2023-12-10T11:40:48+00:00","breadcrumb":{"@id":"https://www.mariazell-wienerwald.at/veranstaltungen/buchpraesentation-st-corona-zwischen-den-kriegen-neujahrsempfang/#breadcrumb"},"inLanguage":"en-US","potentialAction":[{"@type":"ReadAction","target":["https://www.mariazell-wienerwald.at/veranstaltungen/buchpraesentation-st-corona-zwischen-den-kriegen-neujahrsempfang/"]}]},{"@type":"ImageObject","inLanguage":"en-US","@id":"https://www.mariazell-wienerwald.at/veranstaltungen/buchpraesentation-st-corona-zwischen-den-kriegen-neujahrsempfang/#primaryimage","url":"https://www.mariazell-wienerwald.at/wp-content/uploads/2023/12/StCorona_Cover.jpg","contentUrl":"https://www.mariazell-wienerwald.at/wp-content/uploads/2023/12/StCorona_Cover.jpg","width":1005,"height":1004},{"@type":"BreadcrumbList","@id":"https://www.mariazell-wienerwald.at/veranstaltungen/buchpraesentation-st-corona-zwischen-den-kriegen-neujahrsempfang/#breadcrumb","itemListElement":[{"@type":"ListItem","position":1,"name":"Startseite","item":"https://www.mariazell-wienerwald.at/"},{"@type":"ListItem","position":2,"name":"Events","item":"http://www.mariazell-wienerwald.at/en/veranstaltungen/"},{"@type":"ListItem","position":3,"name":"Buchpräsentation &#8222;St. Corona zwischen den Weltkriegen&#8220; (Neujahrsempfang)"}]},{"@type":"WebSite","@id":"https://www.mariazell-wienerwald.at/#website","url":"https://www.mariazell-wienerwald.at/","name":"Mariazell im Wienerwald","description":"","potentialAction":[{"@type":"SearchAction","target":{"@type":"EntryPoint","urlTemplate":"https://www.mariazell-wienerwald.at/?s={search_term_string}"},"query-input":"required name=search_term_string"}],"inLanguage":"en-US"}]}</script>
<!-- / Yoast SEO plugin. -->

Buchpräsentation "St. Corona zwischen den Weltkriegen" (Neujahrsempfang) - Mariazell im Wienerwald

St. Corona am Schöpfl liegt am südwestlichen Rand des Wienerwalds, am Fuße von dessen höchster Erhebung, des Schöpfls. Hier war in der Zwischenkriegszeit und danach ein Pfarrer tätig, der sich nicht nur umsichtig um seine Schäfchen kümmerte, sondern auch deren Leben und Schicksal, vor allem während des Zweiten Weltkriegs, minutiös in mehreren handschriftlich angelegten Bänden [&hellip;]
