{"id":6274,"date":"2024-05-06T09:51:39","date_gmt":"2024-05-06T07:51:39","guid":{"rendered":"https:\/\/www.mariazell-wienerwald.at\/veranstaltungen\/gefuehrte-wanderungen-das-kloster-und-der-kaiserwald-copy\/"},"modified":"2024-06-26T10:53:04","modified_gmt":"2024-06-26T08:53:04","slug":"gefuehrte-wanderungen-das-kloster-und-der-kaiserwald-copy","status":"publish","type":"ajde_events","link":"https:\/\/www.mariazell-wienerwald.at\/en\/veranstaltungen\/gefuehrte-wanderungen-das-kloster-und-der-kaiserwald-copy\/","title":{"rendered":"Gef\u00fchrte Wanderungen &#8211; ABGESAGT!"},"content":{"rendered":"<p><strong>Aufgrund von Krankheit ist diese F\u00fchrung leider ABGESAGT!<\/strong><\/p>\n<p>&nbsp;<\/p>\n<p>Mit der Gr\u00fcndung im fr\u00fchen 12. Jh. erhielt das Kloster auch die Waldungen ringsum zur Kolonisierung \u00fcberlassen, woraufhin sich zahlreiche Bauern ansiedelten.<br \/>\nAusgehend vom Kloster in Klein-Mariazell geht es vorbei an zahlreichen heute noch bestehenden H\u00f6fen in Richtung des im 17. Jh. noch als \u201edicken und finsteren\u201c Wald beschriebenen Kaiserwaldes, wo sich heute die Ortschaft St. Corona am Sch\u00f6pfl befindet.<br \/>\nDort wurden Ende des 17. Jh. Holzhauerfamilien angesiedelt und die Forstwirtschaft intensiv eingef\u00fchrt, auch eine Kirche wurde in der Folge in der N\u00e4he des sog. \u201eHeiligen Brunnens\u201c erbaut.<br \/>\nNach deren Besichtigung geht es weiter auf den Sch\u00f6pfl zu einer St\u00e4rkung und einer kurzen Buchpr\u00e4sentation von &#8222;Ein Pfarrer und seine Gemeinde&#8220;.<\/p>\n<p>Nach dem Sch\u00f6pfl gibt es einen R\u00fccktransport zum Ausgangspunkt.<\/p>\n<p>Voranmeldungen per Mail an: m.fuchs@mariazell-wienerwald.at<\/p>\n<p>&nbsp;<\/p>\n<p>&nbsp;<\/p>","protected":false},"author":5,"featured_media":-1,"menu_order":0,"comment_status":"open","ping_status":"closed","template":"","meta":{"_acf_changed":false},"tags":[],"event_type":[19],"event_type_2":[],"class_list":["post-6274","ajde_events","type-ajde_events","status-publish","has-post-thumbnail","hentry","event_location-basilika-klein-mariazell","event_type-kulturhistorische-wanderungen"],"acf":[],"yoast_head":"<!-- This site is optimized with the Yoast SEO plugin v23.1 - https:\/\/yoast.com\/wordpress\/plugins\/seo\/ -->\n<title>Gef\u00fchrte Wanderungen - ABGESAGT! - Mariazell im Wienerwald<\/title>\n<meta name=\"robots\" content=\"index, follow, max-snippet:-1, max-image-preview:large, max-video-preview:-1\" \/>\n<link rel=\"canonical\" href=\"https:\/\/www.mariazell-wienerwald.at\/en\/veranstaltungen\/gefuehrte-wanderungen-das-kloster-und-der-kaiserwald-copy\/\" \/>\n<meta property=\"og:locale\" content=\"en_US\" \/>\n<meta property=\"og:type\" content=\"article\" \/>\n<meta property=\"og:title\" content=\"Gef\u00fchrte Wanderungen - ABGESAGT! - Mariazell im Wienerwald\" \/>\n<meta property=\"og:description\" content=\"Aufgrund von Krankheit ist diese F\u00fchrung leider ABGESAGT! &nbsp; Mit der Gr\u00fcndung im fr\u00fchen 12. Jh. erhielt das Kloster auch die Waldungen ringsum zur Kolonisierung \u00fcberlassen, woraufhin sich zahlreiche Bauern ansiedelten. Ausgehend vom Kloster in Klein-Mariazell geht es vorbei an zahlreichen heute noch bestehenden H\u00f6fen in Richtung des im 17. Jh. noch als \u201edicken und [&hellip;]\" \/>\n<meta property=\"og:url\" content=\"https:\/\/www.mariazell-wienerwald.at\/en\/veranstaltungen\/gefuehrte-wanderungen-das-kloster-und-der-kaiserwald-copy\/\" \/>\n<meta property=\"og:site_name\" content=\"Mariazell im Wienerwald\" \/>\n<meta property=\"article:modified_time\" content=\"2024-06-26T08:53:04+00:00\" \/>\n<meta name=\"twitter:card\" content=\"summary_large_image\" \/>\n<meta name=\"twitter:label1\" content=\"Est. reading time\" \/>\n\t<meta name=\"twitter:data1\" content=\"1 minute\" \/>\n<script type=\"application\/ld+json\" class=\"yoast-schema-graph\">{\"@context\":\"https:\/\/schema.org\",\"@graph\":[{\"@type\":\"WebPage\",\"@id\":\"https:\/\/www.mariazell-wienerwald.at\/veranstaltungen\/gefuehrte-wanderungen-das-kloster-und-der-kaiserwald-copy\/\",\"url\":\"https:\/\/www.mariazell-wienerwald.at\/veranstaltungen\/gefuehrte-wanderungen-das-kloster-und-der-kaiserwald-copy\/\",\"name\":\"Gef\u00fchrte Wanderungen - ABGESAGT! - Mariazell im Wienerwald\",\"isPartOf\":{\"@id\":\"https:\/\/www.mariazell-wienerwald.at\/#website\"},\"datePublished\":\"2024-05-06T07:51:39+00:00\",\"dateModified\":\"2024-06-26T08:53:04+00:00\",\"breadcrumb\":{\"@id\":\"https:\/\/www.mariazell-wienerwald.at\/veranstaltungen\/gefuehrte-wanderungen-das-kloster-und-der-kaiserwald-copy\/#breadcrumb\"},\"inLanguage\":\"en-US\",\"potentialAction\":[{\"@type\":\"ReadAction\",\"target\":[\"https:\/\/www.mariazell-wienerwald.at\/veranstaltungen\/gefuehrte-wanderungen-das-kloster-und-der-kaiserwald-copy\/\"]}]},{\"@type\":\"BreadcrumbList\",\"@id\":\"https:\/\/www.mariazell-wienerwald.at\/veranstaltungen\/gefuehrte-wanderungen-das-kloster-und-der-kaiserwald-copy\/#breadcrumb\",\"itemListElement\":[{\"@type\":\"ListItem\",\"position\":1,\"name\":\"Startseite\",\"item\":\"https:\/\/www.mariazell-wienerwald.at\/\"},{\"@type\":\"ListItem\",\"position\":2,\"name\":\"Events\",\"item\":\"http:\/\/www.mariazell-wienerwald.at\/en\/veranstaltungen\/\"},{\"@type\":\"ListItem\",\"position\":3,\"name\":\"Gef\u00fchrte Wanderungen &#8211; ABGESAGT!\"}]},{\"@type\":\"WebSite\",\"@id\":\"https:\/\/www.mariazell-wienerwald.at\/#website\",\"url\":\"https:\/\/www.mariazell-wienerwald.at\/\",\"name\":\"Mariazell im Wienerwald\",\"description\":\"\",\"potentialAction\":[{\"@type\":\"SearchAction\",\"target\":{\"@type\":\"EntryPoint\",\"urlTemplate\":\"https:\/\/www.mariazell-wienerwald.at\/?s={search_term_string}\"},\"query-input\":\"required name=search_term_string\"}],\"inLanguage\":\"en-US\"}]}<\/script>\n<!-- \/ Yoast SEO plugin. -->","yoast_head_json":{"title":"Gef\u00fchrte Wanderungen - ABGESAGT! - Mariazell im Wienerwald","robots":{"index":"index","follow":"follow","max-snippet":"max-snippet:-1","max-image-preview":"max-image-preview:large","max-video-preview":"max-video-preview:-1"},"canonical":"https:\/\/www.mariazell-wienerwald.at\/en\/veranstaltungen\/gefuehrte-wanderungen-das-kloster-und-der-kaiserwald-copy\/","og_locale":"en_US","og_type":"article","og_title":"Gef\u00fchrte Wanderungen - ABGESAGT! - Mariazell im Wienerwald","og_description":"Aufgrund von Krankheit ist diese F\u00fchrung leider ABGESAGT! &nbsp; Mit der Gr\u00fcndung im fr\u00fchen 12. Jh. erhielt das Kloster auch die Waldungen ringsum zur Kolonisierung \u00fcberlassen, woraufhin sich zahlreiche Bauern ansiedelten. Ausgehend vom Kloster in Klein-Mariazell geht es vorbei an zahlreichen heute noch bestehenden H\u00f6fen in Richtung des im 17. Jh. noch als \u201edicken und [&hellip;]","og_url":"https:\/\/www.mariazell-wienerwald.at\/en\/veranstaltungen\/gefuehrte-wanderungen-das-kloster-und-der-kaiserwald-copy\/","og_site_name":"Mariazell im Wienerwald","article_modified_time":"2024-06-26T08:53:04+00:00","twitter_card":"summary_large_image","twitter_misc":{"Est. reading time":"1 minute"},"schema":{"@context":"https:\/\/schema.org","@graph":[{"@type":"WebPage","@id":"https:\/\/www.mariazell-wienerwald.at\/veranstaltungen\/gefuehrte-wanderungen-das-kloster-und-der-kaiserwald-copy\/","url":"https:\/\/www.mariazell-wienerwald.at\/veranstaltungen\/gefuehrte-wanderungen-das-kloster-und-der-kaiserwald-copy\/","name":"Gef\u00fchrte Wanderungen - ABGESAGT! - Mariazell im Wienerwald","isPartOf":{"@id":"https:\/\/www.mariazell-wienerwald.at\/#website"},"datePublished":"2024-05-06T07:51:39+00:00","dateModified":"2024-06-26T08:53:04+00:00","breadcrumb":{"@id":"https:\/\/www.mariazell-wienerwald.at\/veranstaltungen\/gefuehrte-wanderungen-das-kloster-und-der-kaiserwald-copy\/#breadcrumb"},"inLanguage":"en-US","potentialAction":[{"@type":"ReadAction","target":["https:\/\/www.mariazell-wienerwald.at\/veranstaltungen\/gefuehrte-wanderungen-das-kloster-und-der-kaiserwald-copy\/"]}]},{"@type":"BreadcrumbList","@id":"https:\/\/www.mariazell-wienerwald.at\/veranstaltungen\/gefuehrte-wanderungen-das-kloster-und-der-kaiserwald-copy\/#breadcrumb","itemListElement":[{"@type":"ListItem","position":1,"name":"Startseite","item":"https:\/\/www.mariazell-wienerwald.at\/"},{"@type":"ListItem","position":2,"name":"Events","item":"http:\/\/www.mariazell-wienerwald.at\/en\/veranstaltungen\/"},{"@type":"ListItem","position":3,"name":"Gef\u00fchrte Wanderungen &#8211; ABGESAGT!"}]},{"@type":"WebSite","@id":"https:\/\/www.mariazell-wienerwald.at\/#website","url":"https:\/\/www.mariazell-wienerwald.at\/","name":"Mariazell im Wienerwald","description":"","potentialAction":[{"@type":"SearchAction","target":{"@type":"EntryPoint","urlTemplate":"https:\/\/www.mariazell-wienerwald.at\/?s={search_term_string}"},"query-input":"required name=search_term_string"}],"inLanguage":"en-US"}]}},"_links":{"self":[{"href":"https:\/\/www.mariazell-wienerwald.at\/en\/wp-json\/wp\/v2\/ajde_events\/6274"}],"collection":[{"href":"https:\/\/www.mariazell-wienerwald.at\/en\/wp-json\/wp\/v2\/ajde_events"}],"about":[{"href":"https:\/\/www.mariazell-wienerwald.at\/en\/wp-json\/wp\/v2\/types\/ajde_events"}],"author":[{"embeddable":true,"href":"https:\/\/www.mariazell-wienerwald.at\/en\/wp-json\/wp\/v2\/users\/5"}],"replies":[{"embeddable":true,"href":"https:\/\/www.mariazell-wienerwald.at\/en\/wp-json\/wp\/v2\/comments?post=6274"}],"wp:featuredmedia":[{"embeddable":true,"href":"https:\/\/www.mariazell-wienerwald.at\/en\/wp-json\/"}],"wp:attachment":[{"href":"https:\/\/www.mariazell-wienerwald.at\/en\/wp-json\/wp\/v2\/media?parent=6274"}],"wp:term":[{"taxonomy":"post_tag","embeddable":true,"href":"https:\/\/www.mariazell-wienerwald.at\/en\/wp-json\/wp\/v2\/tags?post=6274"},{"taxonomy":"event_type","embeddable":true,"href":"https:\/\/www.mariazell-wienerwald.at\/en\/wp-json\/wp\/v2\/event_type?post=6274"},{"taxonomy":"event_type_2","embeddable":true,"href":"https:\/\/www.mariazell-wienerwald.at\/en\/wp-json\/wp\/v2\/event_type_2?post=6274"}],"curies":[{"name":"wp","href":"https:\/\/api.w.org\/{rel}","templated":true}]}}

Geführte Wanderungen &#8211; ABGESAGT!

<p><strong>Aufgrund von Krankheit ist diese Führung leider ABGESAGT!</strong></p>
<p>&nbsp;</p>
<p>Mit der Gründung im frühen 12. Jh. erhielt das Kloster auch die Waldungen ringsum zur Kolonisierung überlassen, woraufhin sich zahlreiche Bauern ansiedelten.<br />
Ausgehend vom Kloster in Klein-Mariazell geht es vorbei an zahlreichen heute noch bestehenden Höfen in Richtung des im 17. Jh. noch als „dicken und finsteren“ Wald beschriebenen Kaiserwaldes, wo sich heute die Ortschaft St. Corona am Schöpfl befindet.<br />
Dort wurden Ende des 17. Jh. Holzhauerfamilien angesiedelt und die Forstwirtschaft intensiv eingeführt, auch eine Kirche wurde in der Folge in der Nähe des sog. „Heiligen Brunnens“ erbaut.<br />
Nach deren Besichtigung geht es weiter auf den Schöpfl zu einer Stärkung und einer kurzen Buchpräsentation von &#8222;Ein Pfarrer und seine Gemeinde&#8220;.</p>
<p>Nach dem Schöpfl gibt es einen Rücktransport zum Ausgangspunkt.</p>
<p>Voranmeldungen per Mail an: m.fuchs@mariazell-wienerwald.at</p>
<p>&nbsp;</p>
<p>&nbsp;</p>

<!-- This site is optimized with the Yoast SEO plugin v23.1 - https://yoast.com/wordpress/plugins/seo/ -->
<title>Geführte Wanderungen - ABGESAGT! - Mariazell im Wienerwald</title>
<meta name="robots" content="index, follow, max-snippet:-1, max-image-preview:large, max-video-preview:-1" />
<link rel="canonical" href="https://www.mariazell-wienerwald.at/en/veranstaltungen/gefuehrte-wanderungen-das-kloster-und-der-kaiserwald-copy/" />
<meta property="og:locale" content="en_US" />
<meta property="og:type" content="article" />
<meta property="og:title" content="Geführte Wanderungen - ABGESAGT! - Mariazell im Wienerwald" />
<meta property="og:description" content="Aufgrund von Krankheit ist diese Führung leider ABGESAGT! &nbsp; Mit der Gründung im frühen 12. Jh. erhielt das Kloster auch die Waldungen ringsum zur Kolonisierung überlassen, woraufhin sich zahlreiche Bauern ansiedelten. Ausgehend vom Kloster in Klein-Mariazell geht es vorbei an zahlreichen heute noch bestehenden Höfen in Richtung des im 17. Jh. noch als „dicken und [&hellip;]" />
<meta property="og:url" content="https://www.mariazell-wienerwald.at/en/veranstaltungen/gefuehrte-wanderungen-das-kloster-und-der-kaiserwald-copy/" />
<meta property="og:site_name" content="Mariazell im Wienerwald" />
<meta property="article:modified_time" content="2024-06-26T08:53:04+00:00" />
<meta name="twitter:card" content="summary_large_image" />
<meta name="twitter:label1" content="Est. reading time" />
	<meta name="twitter:data1" content="1 minute" />
<script type="application/ld+json" class="yoast-schema-graph">{"@context":"https://schema.org","@graph":[{"@type":"WebPage","@id":"https://www.mariazell-wienerwald.at/veranstaltungen/gefuehrte-wanderungen-das-kloster-und-der-kaiserwald-copy/","url":"https://www.mariazell-wienerwald.at/veranstaltungen/gefuehrte-wanderungen-das-kloster-und-der-kaiserwald-copy/","name":"Geführte Wanderungen - ABGESAGT! - Mariazell im Wienerwald","isPartOf":{"@id":"https://www.mariazell-wienerwald.at/#website"},"datePublished":"2024-05-06T07:51:39+00:00","dateModified":"2024-06-26T08:53:04+00:00","breadcrumb":{"@id":"https://www.mariazell-wienerwald.at/veranstaltungen/gefuehrte-wanderungen-das-kloster-und-der-kaiserwald-copy/#breadcrumb"},"inLanguage":"en-US","potentialAction":[{"@type":"ReadAction","target":["https://www.mariazell-wienerwald.at/veranstaltungen/gefuehrte-wanderungen-das-kloster-und-der-kaiserwald-copy/"]}]},{"@type":"BreadcrumbList","@id":"https://www.mariazell-wienerwald.at/veranstaltungen/gefuehrte-wanderungen-das-kloster-und-der-kaiserwald-copy/#breadcrumb","itemListElement":[{"@type":"ListItem","position":1,"name":"Startseite","item":"https://www.mariazell-wienerwald.at/"},{"@type":"ListItem","position":2,"name":"Events","item":"http://www.mariazell-wienerwald.at/en/veranstaltungen/"},{"@type":"ListItem","position":3,"name":"Geführte Wanderungen &#8211; ABGESAGT!"}]},{"@type":"WebSite","@id":"https://www.mariazell-wienerwald.at/#website","url":"https://www.mariazell-wienerwald.at/","name":"Mariazell im Wienerwald","description":"","potentialAction":[{"@type":"SearchAction","target":{"@type":"EntryPoint","urlTemplate":"https://www.mariazell-wienerwald.at/?s={search_term_string}"},"query-input":"required name=search_term_string"}],"inLanguage":"en-US"}]}</script>
<!-- / Yoast SEO plugin. -->

Geführte Wanderungen - ABGESAGT! - Mariazell im Wienerwald

Aufgrund von Krankheit ist diese Führung leider ABGESAGT! &nbsp; Mit der Gründung im frühen 12. Jh. erhielt das Kloster auch die Waldungen ringsum zur Kolonisierung überlassen, woraufhin sich zahlreiche Bauern ansiedelten. Ausgehend vom Kloster in Klein-Mariazell geht es vorbei an zahlreichen heute noch bestehenden Höfen in Richtung des im 17. Jh. noch als „dicken und [&hellip;]
