{"id":6359,"date":"2024-08-14T14:21:07","date_gmt":"2024-08-14T12:21:07","guid":{"rendered":"https:\/\/www.mariazell-wienerwald.at\/?post_type=ajde_events&#038;p=6359"},"modified":"2024-08-14T14:38:45","modified_gmt":"2024-08-14T12:38:45","slug":"dorf-balkan-copain-du-monde-benefiz-ausstellung-und-performance","status":"publish","type":"ajde_events","link":"https:\/\/www.mariazell-wienerwald.at\/en\/veranstaltungen\/dorf-balkan-copain-du-monde-benefiz-ausstellung-und-performance\/","title":{"rendered":"Dorf Balkan &#8211; Copain du Monde \/ Benefiz-Ausstellung und Performance"},"content":{"rendered":"<p>Das Dorf Copain du Monde, das aus 27 Kindern aus verschiedenen europ\u00e4ischen L\u00e4ndern besteht und derzeit seine Zelte in Klein-Mariazell aufgeschlagen hat, bereitet f\u00fcr Freitag, den 23. August, ab 17 Uhr eine Wohlt\u00e4tigkeitsmesse mit anschlie\u00dfender Theaterauff\u00fchrung vor. Es handelt sich dabei um ein Sommercamp von 6 Organisationen aus Rum\u00e4nien, Serbien, Bosnien, dem Kosovo und Frankreich, die sich alle f\u00fcr die Rechte der Kinder einsetzen: Gesundheit, Bildung, Unterst\u00fctzung und Zugang zu Informationen.<\/p>\n<p>Die Wohlt\u00e4tigkeitsmesse, auf der handbemalte T-Shirts, handgefertigter Schmuck und viele andere Accessoires angeboten werden, hat zum Ziel, Spenden f\u00fcr Kinder aus benachteiligten Verh\u00e4ltnissen zu sammeln, die keinen Zugang zu Nahrung und Bildung haben.<\/p>\n<p>Die jungen Schauspieler freuen sich darauf, ihr St\u00fcck zu pr\u00e4sentieren, das allen Kindern auf der Welt gewidmet ist.<\/p>\n<p>Der Eintritt ist frei.<\/p>\n<p><strong>Weiterf\u00fchrende Infos:<\/strong><br \/>\n<a href=\"https:\/\/www.secourspopulaire.fr\/nos-actions\/copaindumonde\/\">Copain du monde<\/a><br \/>\n<a href=\"https:\/\/asociatiamagic.ro\/\">Verein Magic (Hilfe f\u00fcr krebskranke Kinder)<\/a><\/p>","protected":false},"author":3,"featured_media":6360,"menu_order":0,"comment_status":"open","ping_status":"closed","template":"","meta":{"_acf_changed":false},"tags":[],"event_type":[22],"event_type_2":[],"class_list":["post-6359","ajde_events","type-ajde_events","status-publish","has-post-thumbnail","hentry","event_location-klein-mariazell-stiftskeller","event_type-musik-theater"],"acf":[],"yoast_head":"<!-- This site is optimized with the Yoast SEO plugin v23.1 - https:\/\/yoast.com\/wordpress\/plugins\/seo\/ -->\n<title>Dorf Balkan - Copain du Monde \/ Benefiz-Ausstellung und Performance - Mariazell im Wienerwald<\/title>\n<meta name=\"robots\" content=\"index, follow, max-snippet:-1, max-image-preview:large, max-video-preview:-1\" \/>\n<link rel=\"canonical\" href=\"https:\/\/www.mariazell-wienerwald.at\/en\/veranstaltungen\/dorf-balkan-copain-du-monde-benefiz-ausstellung-und-performance\/\" \/>\n<meta property=\"og:locale\" content=\"en_US\" \/>\n<meta property=\"og:type\" content=\"article\" \/>\n<meta property=\"og:title\" content=\"Dorf Balkan - Copain du Monde \/ Benefiz-Ausstellung und Performance - Mariazell im Wienerwald\" \/>\n<meta property=\"og:description\" content=\"Das Dorf Copain du Monde, das aus 27 Kindern aus verschiedenen europ\u00e4ischen L\u00e4ndern besteht und derzeit seine Zelte in Klein-Mariazell aufgeschlagen hat, bereitet f\u00fcr Freitag, den 23. August, ab 17 Uhr eine Wohlt\u00e4tigkeitsmesse mit anschlie\u00dfender Theaterauff\u00fchrung vor. Es handelt sich dabei um ein Sommercamp von 6 Organisationen aus Rum\u00e4nien, Serbien, Bosnien, dem Kosovo und Frankreich, [&hellip;]\" \/>\n<meta property=\"og:url\" content=\"https:\/\/www.mariazell-wienerwald.at\/en\/veranstaltungen\/dorf-balkan-copain-du-monde-benefiz-ausstellung-und-performance\/\" \/>\n<meta property=\"og:site_name\" content=\"Mariazell im Wienerwald\" \/>\n<meta property=\"article:modified_time\" content=\"2024-08-14T12:38:45+00:00\" \/>\n<meta property=\"og:image\" content=\"https:\/\/www.mariazell-wienerwald.at\/wp-content\/uploads\/2024\/08\/Magic-Camp.jpg\" \/>\n\t<meta property=\"og:image:width\" content=\"1371\" \/>\n\t<meta property=\"og:image:height\" content=\"802\" \/>\n\t<meta property=\"og:image:type\" content=\"image\/jpeg\" \/>\n<meta name=\"twitter:card\" content=\"summary_large_image\" \/>\n<meta name=\"twitter:label1\" content=\"Est. reading time\" \/>\n\t<meta name=\"twitter:data1\" content=\"1 minute\" \/>\n<script type=\"application\/ld+json\" class=\"yoast-schema-graph\">{\"@context\":\"https:\/\/schema.org\",\"@graph\":[{\"@type\":\"WebPage\",\"@id\":\"https:\/\/www.mariazell-wienerwald.at\/veranstaltungen\/dorf-balkan-copain-du-monde-benefiz-ausstellung-und-performance\/\",\"url\":\"https:\/\/www.mariazell-wienerwald.at\/veranstaltungen\/dorf-balkan-copain-du-monde-benefiz-ausstellung-und-performance\/\",\"name\":\"Dorf Balkan - Copain du Monde \/ Benefiz-Ausstellung und Performance - Mariazell im Wienerwald\",\"isPartOf\":{\"@id\":\"https:\/\/www.mariazell-wienerwald.at\/#website\"},\"primaryImageOfPage\":{\"@id\":\"https:\/\/www.mariazell-wienerwald.at\/veranstaltungen\/dorf-balkan-copain-du-monde-benefiz-ausstellung-und-performance\/#primaryimage\"},\"image\":{\"@id\":\"https:\/\/www.mariazell-wienerwald.at\/veranstaltungen\/dorf-balkan-copain-du-monde-benefiz-ausstellung-und-performance\/#primaryimage\"},\"thumbnailUrl\":\"https:\/\/www.mariazell-wienerwald.at\/wp-content\/uploads\/2024\/08\/Magic-Camp.jpg\",\"datePublished\":\"2024-08-14T12:21:07+00:00\",\"dateModified\":\"2024-08-14T12:38:45+00:00\",\"breadcrumb\":{\"@id\":\"https:\/\/www.mariazell-wienerwald.at\/veranstaltungen\/dorf-balkan-copain-du-monde-benefiz-ausstellung-und-performance\/#breadcrumb\"},\"inLanguage\":\"en-US\",\"potentialAction\":[{\"@type\":\"ReadAction\",\"target\":[\"https:\/\/www.mariazell-wienerwald.at\/veranstaltungen\/dorf-balkan-copain-du-monde-benefiz-ausstellung-und-performance\/\"]}]},{\"@type\":\"ImageObject\",\"inLanguage\":\"en-US\",\"@id\":\"https:\/\/www.mariazell-wienerwald.at\/veranstaltungen\/dorf-balkan-copain-du-monde-benefiz-ausstellung-und-performance\/#primaryimage\",\"url\":\"https:\/\/www.mariazell-wienerwald.at\/wp-content\/uploads\/2024\/08\/Magic-Camp.jpg\",\"contentUrl\":\"https:\/\/www.mariazell-wienerwald.at\/wp-content\/uploads\/2024\/08\/Magic-Camp.jpg\",\"width\":1371,\"height\":802},{\"@type\":\"BreadcrumbList\",\"@id\":\"https:\/\/www.mariazell-wienerwald.at\/veranstaltungen\/dorf-balkan-copain-du-monde-benefiz-ausstellung-und-performance\/#breadcrumb\",\"itemListElement\":[{\"@type\":\"ListItem\",\"position\":1,\"name\":\"Startseite\",\"item\":\"https:\/\/www.mariazell-wienerwald.at\/\"},{\"@type\":\"ListItem\",\"position\":2,\"name\":\"Events\",\"item\":\"http:\/\/www.mariazell-wienerwald.at\/en\/veranstaltungen\/\"},{\"@type\":\"ListItem\",\"position\":3,\"name\":\"Dorf Balkan &#8211; Copain du Monde \/ Benefiz-Ausstellung und Performance\"}]},{\"@type\":\"WebSite\",\"@id\":\"https:\/\/www.mariazell-wienerwald.at\/#website\",\"url\":\"https:\/\/www.mariazell-wienerwald.at\/\",\"name\":\"Mariazell im Wienerwald\",\"description\":\"\",\"potentialAction\":[{\"@type\":\"SearchAction\",\"target\":{\"@type\":\"EntryPoint\",\"urlTemplate\":\"https:\/\/www.mariazell-wienerwald.at\/?s={search_term_string}\"},\"query-input\":\"required name=search_term_string\"}],\"inLanguage\":\"en-US\"}]}<\/script>\n<!-- \/ Yoast SEO plugin. -->","yoast_head_json":{"title":"Dorf Balkan - Copain du Monde \/ Benefiz-Ausstellung und Performance - Mariazell im Wienerwald","robots":{"index":"index","follow":"follow","max-snippet":"max-snippet:-1","max-image-preview":"max-image-preview:large","max-video-preview":"max-video-preview:-1"},"canonical":"https:\/\/www.mariazell-wienerwald.at\/en\/veranstaltungen\/dorf-balkan-copain-du-monde-benefiz-ausstellung-und-performance\/","og_locale":"en_US","og_type":"article","og_title":"Dorf Balkan - Copain du Monde \/ Benefiz-Ausstellung und Performance - Mariazell im Wienerwald","og_description":"Das Dorf Copain du Monde, das aus 27 Kindern aus verschiedenen europ\u00e4ischen L\u00e4ndern besteht und derzeit seine Zelte in Klein-Mariazell aufgeschlagen hat, bereitet f\u00fcr Freitag, den 23. August, ab 17 Uhr eine Wohlt\u00e4tigkeitsmesse mit anschlie\u00dfender Theaterauff\u00fchrung vor. Es handelt sich dabei um ein Sommercamp von 6 Organisationen aus Rum\u00e4nien, Serbien, Bosnien, dem Kosovo und Frankreich, [&hellip;]","og_url":"https:\/\/www.mariazell-wienerwald.at\/en\/veranstaltungen\/dorf-balkan-copain-du-monde-benefiz-ausstellung-und-performance\/","og_site_name":"Mariazell im Wienerwald","article_modified_time":"2024-08-14T12:38:45+00:00","og_image":[{"width":1371,"height":802,"url":"https:\/\/www.mariazell-wienerwald.at\/wp-content\/uploads\/2024\/08\/Magic-Camp.jpg","type":"image\/jpeg"}],"twitter_card":"summary_large_image","twitter_misc":{"Est. reading time":"1 minute"},"schema":{"@context":"https:\/\/schema.org","@graph":[{"@type":"WebPage","@id":"https:\/\/www.mariazell-wienerwald.at\/veranstaltungen\/dorf-balkan-copain-du-monde-benefiz-ausstellung-und-performance\/","url":"https:\/\/www.mariazell-wienerwald.at\/veranstaltungen\/dorf-balkan-copain-du-monde-benefiz-ausstellung-und-performance\/","name":"Dorf Balkan - Copain du Monde \/ Benefiz-Ausstellung und Performance - Mariazell im Wienerwald","isPartOf":{"@id":"https:\/\/www.mariazell-wienerwald.at\/#website"},"primaryImageOfPage":{"@id":"https:\/\/www.mariazell-wienerwald.at\/veranstaltungen\/dorf-balkan-copain-du-monde-benefiz-ausstellung-und-performance\/#primaryimage"},"image":{"@id":"https:\/\/www.mariazell-wienerwald.at\/veranstaltungen\/dorf-balkan-copain-du-monde-benefiz-ausstellung-und-performance\/#primaryimage"},"thumbnailUrl":"https:\/\/www.mariazell-wienerwald.at\/wp-content\/uploads\/2024\/08\/Magic-Camp.jpg","datePublished":"2024-08-14T12:21:07+00:00","dateModified":"2024-08-14T12:38:45+00:00","breadcrumb":{"@id":"https:\/\/www.mariazell-wienerwald.at\/veranstaltungen\/dorf-balkan-copain-du-monde-benefiz-ausstellung-und-performance\/#breadcrumb"},"inLanguage":"en-US","potentialAction":[{"@type":"ReadAction","target":["https:\/\/www.mariazell-wienerwald.at\/veranstaltungen\/dorf-balkan-copain-du-monde-benefiz-ausstellung-und-performance\/"]}]},{"@type":"ImageObject","inLanguage":"en-US","@id":"https:\/\/www.mariazell-wienerwald.at\/veranstaltungen\/dorf-balkan-copain-du-monde-benefiz-ausstellung-und-performance\/#primaryimage","url":"https:\/\/www.mariazell-wienerwald.at\/wp-content\/uploads\/2024\/08\/Magic-Camp.jpg","contentUrl":"https:\/\/www.mariazell-wienerwald.at\/wp-content\/uploads\/2024\/08\/Magic-Camp.jpg","width":1371,"height":802},{"@type":"BreadcrumbList","@id":"https:\/\/www.mariazell-wienerwald.at\/veranstaltungen\/dorf-balkan-copain-du-monde-benefiz-ausstellung-und-performance\/#breadcrumb","itemListElement":[{"@type":"ListItem","position":1,"name":"Startseite","item":"https:\/\/www.mariazell-wienerwald.at\/"},{"@type":"ListItem","position":2,"name":"Events","item":"http:\/\/www.mariazell-wienerwald.at\/en\/veranstaltungen\/"},{"@type":"ListItem","position":3,"name":"Dorf Balkan &#8211; Copain du Monde \/ Benefiz-Ausstellung und Performance"}]},{"@type":"WebSite","@id":"https:\/\/www.mariazell-wienerwald.at\/#website","url":"https:\/\/www.mariazell-wienerwald.at\/","name":"Mariazell im Wienerwald","description":"","potentialAction":[{"@type":"SearchAction","target":{"@type":"EntryPoint","urlTemplate":"https:\/\/www.mariazell-wienerwald.at\/?s={search_term_string}"},"query-input":"required name=search_term_string"}],"inLanguage":"en-US"}]}},"_links":{"self":[{"href":"https:\/\/www.mariazell-wienerwald.at\/en\/wp-json\/wp\/v2\/ajde_events\/6359"}],"collection":[{"href":"https:\/\/www.mariazell-wienerwald.at\/en\/wp-json\/wp\/v2\/ajde_events"}],"about":[{"href":"https:\/\/www.mariazell-wienerwald.at\/en\/wp-json\/wp\/v2\/types\/ajde_events"}],"author":[{"embeddable":true,"href":"https:\/\/www.mariazell-wienerwald.at\/en\/wp-json\/wp\/v2\/users\/3"}],"replies":[{"embeddable":true,"href":"https:\/\/www.mariazell-wienerwald.at\/en\/wp-json\/wp\/v2\/comments?post=6359"}],"wp:featuredmedia":[{"embeddable":true,"href":"https:\/\/www.mariazell-wienerwald.at\/en\/wp-json\/wp\/v2\/media\/6360"}],"wp:attachment":[{"href":"https:\/\/www.mariazell-wienerwald.at\/en\/wp-json\/wp\/v2\/media?parent=6359"}],"wp:term":[{"taxonomy":"post_tag","embeddable":true,"href":"https:\/\/www.mariazell-wienerwald.at\/en\/wp-json\/wp\/v2\/tags?post=6359"},{"taxonomy":"event_type","embeddable":true,"href":"https:\/\/www.mariazell-wienerwald.at\/en\/wp-json\/wp\/v2\/event_type?post=6359"},{"taxonomy":"event_type_2","embeddable":true,"href":"https:\/\/www.mariazell-wienerwald.at\/en\/wp-json\/wp\/v2\/event_type_2?post=6359"}],"curies":[{"name":"wp","href":"https:\/\/api.w.org\/{rel}","templated":true}]}}

<p>Das Dorf Copain du Monde, das aus 27 Kindern aus verschiedenen europäischen Ländern besteht und derzeit seine Zelte in Klein-Mariazell aufgeschlagen hat, bereitet für Freitag, den 23. August, ab 17 Uhr eine Wohltätigkeitsmesse mit anschließender Theateraufführung vor. Es handelt sich dabei um ein Sommercamp von 6 Organisationen aus Rumänien, Serbien, Bosnien, dem Kosovo und Frankreich, die sich alle für die Rechte der Kinder einsetzen: Gesundheit, Bildung, Unterstützung und Zugang zu Informationen.</p>
<p>Die Wohltätigkeitsmesse, auf der handbemalte T-Shirts, handgefertigter Schmuck und viele andere Accessoires angeboten werden, hat zum Ziel, Spenden für Kinder aus benachteiligten Verhältnissen zu sammeln, die keinen Zugang zu Nahrung und Bildung haben.</p>
<p>Die jungen Schauspieler freuen sich darauf, ihr Stück zu präsentieren, das allen Kindern auf der Welt gewidmet ist.</p>
<p>Der Eintritt ist frei.</p>
<p><strong>Weiterführende Infos:</strong><br />
<a href="https://www.secourspopulaire.fr/nos-actions/copaindumonde/">Copain du monde</a><br />
<a href="https://asociatiamagic.ro/">Verein Magic (Hilfe für krebskranke Kinder)</a></p>

<!-- This site is optimized with the Yoast SEO plugin v23.1 - https://yoast.com/wordpress/plugins/seo/ -->
<title>Dorf Balkan - Copain du Monde / Benefiz-Ausstellung und Performance - Mariazell im Wienerwald</title>
<meta name="robots" content="index, follow, max-snippet:-1, max-image-preview:large, max-video-preview:-1" />
<link rel="canonical" href="https://www.mariazell-wienerwald.at/en/veranstaltungen/dorf-balkan-copain-du-monde-benefiz-ausstellung-und-performance/" />
<meta property="og:locale" content="en_US" />
<meta property="og:type" content="article" />
<meta property="og:title" content="Dorf Balkan - Copain du Monde / Benefiz-Ausstellung und Performance - Mariazell im Wienerwald" />
<meta property="og:description" content="Das Dorf Copain du Monde, das aus 27 Kindern aus verschiedenen europäischen Ländern besteht und derzeit seine Zelte in Klein-Mariazell aufgeschlagen hat, bereitet für Freitag, den 23. August, ab 17 Uhr eine Wohltätigkeitsmesse mit anschließender Theateraufführung vor. Es handelt sich dabei um ein Sommercamp von 6 Organisationen aus Rumänien, Serbien, Bosnien, dem Kosovo und Frankreich, [&hellip;]" />
<meta property="og:url" content="https://www.mariazell-wienerwald.at/en/veranstaltungen/dorf-balkan-copain-du-monde-benefiz-ausstellung-und-performance/" />
<meta property="og:site_name" content="Mariazell im Wienerwald" />
<meta property="article:modified_time" content="2024-08-14T12:38:45+00:00" />
<meta property="og:image" content="https://www.mariazell-wienerwald.at/wp-content/uploads/2024/08/Magic-Camp.jpg" />
	<meta property="og:image:width" content="1371" />
	<meta property="og:image:height" content="802" />
	<meta property="og:image:type" content="image/jpeg" />
<meta name="twitter:card" content="summary_large_image" />
<meta name="twitter:label1" content="Est. reading time" />
	<meta name="twitter:data1" content="1 minute" />
<script type="application/ld+json" class="yoast-schema-graph">{"@context":"https://schema.org","@graph":[{"@type":"WebPage","@id":"https://www.mariazell-wienerwald.at/veranstaltungen/dorf-balkan-copain-du-monde-benefiz-ausstellung-und-performance/","url":"https://www.mariazell-wienerwald.at/veranstaltungen/dorf-balkan-copain-du-monde-benefiz-ausstellung-und-performance/","name":"Dorf Balkan - Copain du Monde / Benefiz-Ausstellung und Performance - Mariazell im Wienerwald","isPartOf":{"@id":"https://www.mariazell-wienerwald.at/#website"},"primaryImageOfPage":{"@id":"https://www.mariazell-wienerwald.at/veranstaltungen/dorf-balkan-copain-du-monde-benefiz-ausstellung-und-performance/#primaryimage"},"image":{"@id":"https://www.mariazell-wienerwald.at/veranstaltungen/dorf-balkan-copain-du-monde-benefiz-ausstellung-und-performance/#primaryimage"},"thumbnailUrl":"https://www.mariazell-wienerwald.at/wp-content/uploads/2024/08/Magic-Camp.jpg","datePublished":"2024-08-14T12:21:07+00:00","dateModified":"2024-08-14T12:38:45+00:00","breadcrumb":{"@id":"https://www.mariazell-wienerwald.at/veranstaltungen/dorf-balkan-copain-du-monde-benefiz-ausstellung-und-performance/#breadcrumb"},"inLanguage":"en-US","potentialAction":[{"@type":"ReadAction","target":["https://www.mariazell-wienerwald.at/veranstaltungen/dorf-balkan-copain-du-monde-benefiz-ausstellung-und-performance/"]}]},{"@type":"ImageObject","inLanguage":"en-US","@id":"https://www.mariazell-wienerwald.at/veranstaltungen/dorf-balkan-copain-du-monde-benefiz-ausstellung-und-performance/#primaryimage","url":"https://www.mariazell-wienerwald.at/wp-content/uploads/2024/08/Magic-Camp.jpg","contentUrl":"https://www.mariazell-wienerwald.at/wp-content/uploads/2024/08/Magic-Camp.jpg","width":1371,"height":802},{"@type":"BreadcrumbList","@id":"https://www.mariazell-wienerwald.at/veranstaltungen/dorf-balkan-copain-du-monde-benefiz-ausstellung-und-performance/#breadcrumb","itemListElement":[{"@type":"ListItem","position":1,"name":"Startseite","item":"https://www.mariazell-wienerwald.at/"},{"@type":"ListItem","position":2,"name":"Events","item":"http://www.mariazell-wienerwald.at/en/veranstaltungen/"},{"@type":"ListItem","position":3,"name":"Dorf Balkan &#8211; Copain du Monde / Benefiz-Ausstellung und Performance"}]},{"@type":"WebSite","@id":"https://www.mariazell-wienerwald.at/#website","url":"https://www.mariazell-wienerwald.at/","name":"Mariazell im Wienerwald","description":"","potentialAction":[{"@type":"SearchAction","target":{"@type":"EntryPoint","urlTemplate":"https://www.mariazell-wienerwald.at/?s={search_term_string}"},"query-input":"required name=search_term_string"}],"inLanguage":"en-US"}]}</script>
<!-- / Yoast SEO plugin. -->

Das Dorf Copain du Monde, das aus 27 Kindern aus verschiedenen europäischen Ländern besteht und derzeit seine Zelte in Klein-Mariazell aufgeschlagen hat, bereitet für Freitag, den 23. August, ab 17 Uhr eine Wohltätigkeitsmesse mit anschließender Theateraufführung vor. Es handelt sich dabei um ein Sommercamp von 6 Organisationen aus Rumänien, Serbien, Bosnien, dem Kosovo und Frankreich, [&hellip;]
