{"id":6579,"date":"2025-07-19T18:28:55","date_gmt":"2025-07-19T16:28:55","guid":{"rendered":"https:\/\/www.mariazell-wienerwald.at\/?post_type=ajde_events&#038;p=6579"},"modified":"2025-07-19T18:28:55","modified_gmt":"2025-07-19T16:28:55","slug":"heinz-erhardt-mein-leben-die-show","status":"publish","type":"ajde_events","link":"https:\/\/www.mariazell-wienerwald.at\/en\/veranstaltungen\/heinz-erhardt-mein-leben-die-show\/","title":{"rendered":"&#8222;Heinz Erhardt &#8211; Mein Leben &#8211; Die Show&#8220;"},"content":{"rendered":"<p class=\"has-text-align-justify\">Ein Abend rund um den gro\u00dfen Ausnahmek\u00fcnstler der 1950 und 60er Jahre \u2013 Heinz Erhardt. Seine unz\u00e4hligen Filme sieht man heute noch im Fernsehen und diese sind und bleiben Kult. Seine Gedichte, seine Ausdrucksweise und Wortverdrehungen sind unerreicht.<\/p>\n<p class=\"has-text-align-justify\">Manfred Antonius Distel und sein Ensemble erwecken den Star der Wirtschaftswunderjahre wieder zum Leben! Mit viel Engagement, Respekt und Liebe zum Detail hat Manfred A. Distel die Aussprache, Mimik und Gestik seines gro\u00dfen Idols studiert und setzt dies auf der B\u00fchne perfekt um. Auch die interessante Lebensgeschichte von Heinz Erhardt wird Ihnen an diesem Abend n\u00e4hergebracht.<\/p>\n<p>Ein sehr unterhaltsamer Abend \u00fcber Heinz Erhardt!<\/p>\n<p>Eintritt: Erwachsene 18 Euro (Kinder bis 14 Jahre 10 Euro)<\/p>\n<p>Kartenverkauf nach der Hl. Messe und im Gemeindeamt Altenmarkt<\/p>","protected":false},"author":5,"featured_media":-1,"menu_order":0,"comment_status":"open","ping_status":"closed","template":"","meta":{"_acf_changed":false},"tags":[],"event_type":[22],"event_type_2":[],"class_list":["post-6579","ajde_events","type-ajde_events","status-publish","has-post-thumbnail","hentry","event_location-hafnerberg-arkadenhof","event_type-musik-theater"],"acf":[],"yoast_head":"<!-- This site is optimized with the Yoast SEO plugin v23.1 - https:\/\/yoast.com\/wordpress\/plugins\/seo\/ -->\n<title>&quot;Heinz Erhardt - Mein Leben - Die Show&quot; - Mariazell im Wienerwald<\/title>\n<meta name=\"robots\" content=\"index, follow, max-snippet:-1, max-image-preview:large, max-video-preview:-1\" \/>\n<link rel=\"canonical\" href=\"https:\/\/www.mariazell-wienerwald.at\/en\/veranstaltungen\/heinz-erhardt-mein-leben-die-show\/\" \/>\n<meta property=\"og:locale\" content=\"en_US\" \/>\n<meta property=\"og:type\" content=\"article\" \/>\n<meta property=\"og:title\" content=\"&quot;Heinz Erhardt - Mein Leben - Die Show&quot; - Mariazell im Wienerwald\" \/>\n<meta property=\"og:description\" content=\"Ein Abend rund um den gro\u00dfen Ausnahmek\u00fcnstler der 1950 und 60er Jahre \u2013 Heinz Erhardt. Seine unz\u00e4hligen Filme sieht man heute noch im Fernsehen und diese sind und bleiben Kult. Seine Gedichte, seine Ausdrucksweise und Wortverdrehungen sind unerreicht. Manfred Antonius Distel und sein Ensemble erwecken den Star der Wirtschaftswunderjahre wieder zum Leben! Mit viel Engagement, [&hellip;]\" \/>\n<meta property=\"og:url\" content=\"https:\/\/www.mariazell-wienerwald.at\/en\/veranstaltungen\/heinz-erhardt-mein-leben-die-show\/\" \/>\n<meta property=\"og:site_name\" content=\"Mariazell im Wienerwald\" \/>\n<meta name=\"twitter:card\" content=\"summary_large_image\" \/>\n<meta name=\"twitter:label1\" content=\"Est. reading time\" \/>\n\t<meta name=\"twitter:data1\" content=\"1 minute\" \/>\n<script type=\"application\/ld+json\" class=\"yoast-schema-graph\">{\"@context\":\"https:\/\/schema.org\",\"@graph\":[{\"@type\":\"WebPage\",\"@id\":\"https:\/\/www.mariazell-wienerwald.at\/veranstaltungen\/heinz-erhardt-mein-leben-die-show\/\",\"url\":\"https:\/\/www.mariazell-wienerwald.at\/veranstaltungen\/heinz-erhardt-mein-leben-die-show\/\",\"name\":\"\\\"Heinz Erhardt - Mein Leben - Die Show\\\" - Mariazell im Wienerwald\",\"isPartOf\":{\"@id\":\"https:\/\/www.mariazell-wienerwald.at\/#website\"},\"datePublished\":\"2025-07-19T16:28:55+00:00\",\"dateModified\":\"2025-07-19T16:28:55+00:00\",\"breadcrumb\":{\"@id\":\"https:\/\/www.mariazell-wienerwald.at\/veranstaltungen\/heinz-erhardt-mein-leben-die-show\/#breadcrumb\"},\"inLanguage\":\"en-US\",\"potentialAction\":[{\"@type\":\"ReadAction\",\"target\":[\"https:\/\/www.mariazell-wienerwald.at\/veranstaltungen\/heinz-erhardt-mein-leben-die-show\/\"]}]},{\"@type\":\"BreadcrumbList\",\"@id\":\"https:\/\/www.mariazell-wienerwald.at\/veranstaltungen\/heinz-erhardt-mein-leben-die-show\/#breadcrumb\",\"itemListElement\":[{\"@type\":\"ListItem\",\"position\":1,\"name\":\"Startseite\",\"item\":\"https:\/\/www.mariazell-wienerwald.at\/\"},{\"@type\":\"ListItem\",\"position\":2,\"name\":\"Events\",\"item\":\"http:\/\/www.mariazell-wienerwald.at\/en\/veranstaltungen\/\"},{\"@type\":\"ListItem\",\"position\":3,\"name\":\"&#8222;Heinz Erhardt &#8211; Mein Leben &#8211; Die Show&#8220;\"}]},{\"@type\":\"WebSite\",\"@id\":\"https:\/\/www.mariazell-wienerwald.at\/#website\",\"url\":\"https:\/\/www.mariazell-wienerwald.at\/\",\"name\":\"Mariazell im Wienerwald\",\"description\":\"\",\"potentialAction\":[{\"@type\":\"SearchAction\",\"target\":{\"@type\":\"EntryPoint\",\"urlTemplate\":\"https:\/\/www.mariazell-wienerwald.at\/?s={search_term_string}\"},\"query-input\":\"required name=search_term_string\"}],\"inLanguage\":\"en-US\"}]}<\/script>\n<!-- \/ Yoast SEO plugin. -->","yoast_head_json":{"title":"\"Heinz Erhardt - Mein Leben - Die Show\" - Mariazell im Wienerwald","robots":{"index":"index","follow":"follow","max-snippet":"max-snippet:-1","max-image-preview":"max-image-preview:large","max-video-preview":"max-video-preview:-1"},"canonical":"https:\/\/www.mariazell-wienerwald.at\/en\/veranstaltungen\/heinz-erhardt-mein-leben-die-show\/","og_locale":"en_US","og_type":"article","og_title":"\"Heinz Erhardt - Mein Leben - Die Show\" - Mariazell im Wienerwald","og_description":"Ein Abend rund um den gro\u00dfen Ausnahmek\u00fcnstler der 1950 und 60er Jahre \u2013 Heinz Erhardt. Seine unz\u00e4hligen Filme sieht man heute noch im Fernsehen und diese sind und bleiben Kult. Seine Gedichte, seine Ausdrucksweise und Wortverdrehungen sind unerreicht. Manfred Antonius Distel und sein Ensemble erwecken den Star der Wirtschaftswunderjahre wieder zum Leben! Mit viel Engagement, [&hellip;]","og_url":"https:\/\/www.mariazell-wienerwald.at\/en\/veranstaltungen\/heinz-erhardt-mein-leben-die-show\/","og_site_name":"Mariazell im Wienerwald","twitter_card":"summary_large_image","twitter_misc":{"Est. reading time":"1 minute"},"schema":{"@context":"https:\/\/schema.org","@graph":[{"@type":"WebPage","@id":"https:\/\/www.mariazell-wienerwald.at\/veranstaltungen\/heinz-erhardt-mein-leben-die-show\/","url":"https:\/\/www.mariazell-wienerwald.at\/veranstaltungen\/heinz-erhardt-mein-leben-die-show\/","name":"\"Heinz Erhardt - Mein Leben - Die Show\" - Mariazell im Wienerwald","isPartOf":{"@id":"https:\/\/www.mariazell-wienerwald.at\/#website"},"datePublished":"2025-07-19T16:28:55+00:00","dateModified":"2025-07-19T16:28:55+00:00","breadcrumb":{"@id":"https:\/\/www.mariazell-wienerwald.at\/veranstaltungen\/heinz-erhardt-mein-leben-die-show\/#breadcrumb"},"inLanguage":"en-US","potentialAction":[{"@type":"ReadAction","target":["https:\/\/www.mariazell-wienerwald.at\/veranstaltungen\/heinz-erhardt-mein-leben-die-show\/"]}]},{"@type":"BreadcrumbList","@id":"https:\/\/www.mariazell-wienerwald.at\/veranstaltungen\/heinz-erhardt-mein-leben-die-show\/#breadcrumb","itemListElement":[{"@type":"ListItem","position":1,"name":"Startseite","item":"https:\/\/www.mariazell-wienerwald.at\/"},{"@type":"ListItem","position":2,"name":"Events","item":"http:\/\/www.mariazell-wienerwald.at\/en\/veranstaltungen\/"},{"@type":"ListItem","position":3,"name":"&#8222;Heinz Erhardt &#8211; Mein Leben &#8211; Die Show&#8220;"}]},{"@type":"WebSite","@id":"https:\/\/www.mariazell-wienerwald.at\/#website","url":"https:\/\/www.mariazell-wienerwald.at\/","name":"Mariazell im Wienerwald","description":"","potentialAction":[{"@type":"SearchAction","target":{"@type":"EntryPoint","urlTemplate":"https:\/\/www.mariazell-wienerwald.at\/?s={search_term_string}"},"query-input":"required name=search_term_string"}],"inLanguage":"en-US"}]}},"_links":{"self":[{"href":"https:\/\/www.mariazell-wienerwald.at\/en\/wp-json\/wp\/v2\/ajde_events\/6579"}],"collection":[{"href":"https:\/\/www.mariazell-wienerwald.at\/en\/wp-json\/wp\/v2\/ajde_events"}],"about":[{"href":"https:\/\/www.mariazell-wienerwald.at\/en\/wp-json\/wp\/v2\/types\/ajde_events"}],"author":[{"embeddable":true,"href":"https:\/\/www.mariazell-wienerwald.at\/en\/wp-json\/wp\/v2\/users\/5"}],"replies":[{"embeddable":true,"href":"https:\/\/www.mariazell-wienerwald.at\/en\/wp-json\/wp\/v2\/comments?post=6579"}],"wp:featuredmedia":[{"embeddable":true,"href":"https:\/\/www.mariazell-wienerwald.at\/en\/wp-json\/"}],"wp:attachment":[{"href":"https:\/\/www.mariazell-wienerwald.at\/en\/wp-json\/wp\/v2\/media?parent=6579"}],"wp:term":[{"taxonomy":"post_tag","embeddable":true,"href":"https:\/\/www.mariazell-wienerwald.at\/en\/wp-json\/wp\/v2\/tags?post=6579"},{"taxonomy":"event_type","embeddable":true,"href":"https:\/\/www.mariazell-wienerwald.at\/en\/wp-json\/wp\/v2\/event_type?post=6579"},{"taxonomy":"event_type_2","embeddable":true,"href":"https:\/\/www.mariazell-wienerwald.at\/en\/wp-json\/wp\/v2\/event_type_2?post=6579"}],"curies":[{"name":"wp","href":"https:\/\/api.w.org\/{rel}","templated":true}]}}

<p class="has-text-align-justify">Ein Abend rund um den großen Ausnahmekünstler der 1950 und 60er Jahre – Heinz Erhardt. Seine unzähligen Filme sieht man heute noch im Fernsehen und diese sind und bleiben Kult. Seine Gedichte, seine Ausdrucksweise und Wortverdrehungen sind unerreicht.</p>
<p class="has-text-align-justify">Manfred Antonius Distel und sein Ensemble erwecken den Star der Wirtschaftswunderjahre wieder zum Leben! Mit viel Engagement, Respekt und Liebe zum Detail hat Manfred A. Distel die Aussprache, Mimik und Gestik seines großen Idols studiert und setzt dies auf der Bühne perfekt um. Auch die interessante Lebensgeschichte von Heinz Erhardt wird Ihnen an diesem Abend nähergebracht.</p>
<p>Ein sehr unterhaltsamer Abend über Heinz Erhardt!</p>
<p>Eintritt: Erwachsene 18 Euro (Kinder bis 14 Jahre 10 Euro)</p>
<p>Kartenverkauf nach der Hl. Messe und im Gemeindeamt Altenmarkt</p>

<!-- This site is optimized with the Yoast SEO plugin v23.1 - https://yoast.com/wordpress/plugins/seo/ -->
<title>&quot;Heinz Erhardt - Mein Leben - Die Show&quot; - Mariazell im Wienerwald</title>
<meta name="robots" content="index, follow, max-snippet:-1, max-image-preview:large, max-video-preview:-1" />
<link rel="canonical" href="https://www.mariazell-wienerwald.at/en/veranstaltungen/heinz-erhardt-mein-leben-die-show/" />
<meta property="og:locale" content="en_US" />
<meta property="og:type" content="article" />
<meta property="og:title" content="&quot;Heinz Erhardt - Mein Leben - Die Show&quot; - Mariazell im Wienerwald" />
<meta property="og:description" content="Ein Abend rund um den großen Ausnahmekünstler der 1950 und 60er Jahre – Heinz Erhardt. Seine unzähligen Filme sieht man heute noch im Fernsehen und diese sind und bleiben Kult. Seine Gedichte, seine Ausdrucksweise und Wortverdrehungen sind unerreicht. Manfred Antonius Distel und sein Ensemble erwecken den Star der Wirtschaftswunderjahre wieder zum Leben! Mit viel Engagement, [&hellip;]" />
<meta property="og:url" content="https://www.mariazell-wienerwald.at/en/veranstaltungen/heinz-erhardt-mein-leben-die-show/" />
<meta property="og:site_name" content="Mariazell im Wienerwald" />
<meta name="twitter:card" content="summary_large_image" />
<meta name="twitter:label1" content="Est. reading time" />
	<meta name="twitter:data1" content="1 minute" />
<script type="application/ld+json" class="yoast-schema-graph">{"@context":"https://schema.org","@graph":[{"@type":"WebPage","@id":"https://www.mariazell-wienerwald.at/veranstaltungen/heinz-erhardt-mein-leben-die-show/","url":"https://www.mariazell-wienerwald.at/veranstaltungen/heinz-erhardt-mein-leben-die-show/","name":"\"Heinz Erhardt - Mein Leben - Die Show\" - Mariazell im Wienerwald","isPartOf":{"@id":"https://www.mariazell-wienerwald.at/#website"},"datePublished":"2025-07-19T16:28:55+00:00","dateModified":"2025-07-19T16:28:55+00:00","breadcrumb":{"@id":"https://www.mariazell-wienerwald.at/veranstaltungen/heinz-erhardt-mein-leben-die-show/#breadcrumb"},"inLanguage":"en-US","potentialAction":[{"@type":"ReadAction","target":["https://www.mariazell-wienerwald.at/veranstaltungen/heinz-erhardt-mein-leben-die-show/"]}]},{"@type":"BreadcrumbList","@id":"https://www.mariazell-wienerwald.at/veranstaltungen/heinz-erhardt-mein-leben-die-show/#breadcrumb","itemListElement":[{"@type":"ListItem","position":1,"name":"Startseite","item":"https://www.mariazell-wienerwald.at/"},{"@type":"ListItem","position":2,"name":"Events","item":"http://www.mariazell-wienerwald.at/en/veranstaltungen/"},{"@type":"ListItem","position":3,"name":"&#8222;Heinz Erhardt &#8211; Mein Leben &#8211; Die Show&#8220;"}]},{"@type":"WebSite","@id":"https://www.mariazell-wienerwald.at/#website","url":"https://www.mariazell-wienerwald.at/","name":"Mariazell im Wienerwald","description":"","potentialAction":[{"@type":"SearchAction","target":{"@type":"EntryPoint","urlTemplate":"https://www.mariazell-wienerwald.at/?s={search_term_string}"},"query-input":"required name=search_term_string"}],"inLanguage":"en-US"}]}</script>
<!-- / Yoast SEO plugin. -->

Ein Abend rund um den großen Ausnahmekünstler der 1950 und 60er Jahre – Heinz Erhardt. Seine unzähligen Filme sieht man heute noch im Fernsehen und diese sind und bleiben Kult. Seine Gedichte, seine Ausdrucksweise und Wortverdrehungen sind unerreicht. Manfred Antonius Distel und sein Ensemble erwecken den Star der Wirtschaftswunderjahre wieder zum Leben! Mit viel Engagement, [&hellip;]
